CRAN Package Check Results for Package GPvecchia

Last updated on 2024-06-17 00:50:00 CEST.

Flavor Version Tinstall Tcheck Ttotal Status Flags
r-devel-linux-x86_64-debian-clang 0.1.7 146.02 73.60 219.62 OK
r-devel-linux-x86_64-debian-gcc 0.1.7 94.40 54.31 148.71 OK
r-devel-linux-x86_64-fedora-clang 0.1.7 344.82 OK
r-devel-linux-x86_64-fedora-gcc 0.1.7 334.81 OK
r-devel-windows-x86_64 0.1.7 114.00 97.00 211.00 OK
r-patched-linux-x86_64 0.1.7 117.85 71.73 189.58 OK
r-release-linux-x86_64 0.1.7 125.70 69.09 194.79 OK
r-release-macos-arm64 0.1.7 61.00 NOTE
r-release-macos-x86_64 0.1.7 80.00 NOTE
r-release-windows-x86_64 0.1.7 116.00 95.00 211.00 OK
r-oldrel-macos-arm64 0.1.7 68.00 NOTE
r-oldrel-macos-x86_64 0.1.7 105.00 NOTE
r-oldrel-windows-x86_64 0.1.7 139.00 107.00 246.00 OK

Check Details

Version: 0.1.7
Check: installed package size
Result: NOTE installed size is 5.7Mb sub-directories of 1Mb or more: libs 5.2Mb Flavors: r-release-macos-arm64, r-release-macos-x86_64, r-oldrel-macos-arm64, r-oldrel-macos-x86_64