Last updated on 2024-05-02 00:58:38 CEST.
Flavor | Version | Tinstall | Tcheck | Ttotal | Status | Flags |
---|---|---|---|---|---|---|
r-devel-linux-x86_64-debian-clang | 0.2.1 | 12.32 | 186.63 | 198.95 | NOTE | |
r-devel-linux-x86_64-debian-gcc | 0.2.1 | 10.07 | 128.81 | 138.88 | NOTE | |
r-devel-linux-x86_64-fedora-clang | 0.2.1 | 235.35 | NOTE | |||
r-devel-linux-x86_64-fedora-gcc | 0.2.1 | 241.30 | NOTE | |||
r-devel-windows-x86_64 | 0.2.1 | 11.00 | 181.00 | 192.00 | NOTE | |
r-patched-linux-x86_64 | 0.2.1 | 14.15 | 169.33 | 183.48 | NOTE | |
r-release-linux-x86_64 | 0.2.1 | 11.45 | 174.33 | 185.78 | NOTE | |
r-release-macos-arm64 | 0.2.1 | 65.00 | NOTE | |||
r-release-windows-x86_64 | 0.2.1 | 12.00 | 181.00 | 193.00 | NOTE | |
r-oldrel-macos-arm64 | 0.2.1 | 66.00 | OK | |||
r-oldrel-macos-x86_64 | 0.2.1 | 112.00 | OK | |||
r-oldrel-windows-x86_64 | 0.2.1 | 16.00 | 229.00 | 245.00 | OK |
Version: 0.2.1
Check: Rd files
Result: NOTE
checkRd: (-1) GREMLINS.Rd:11: Lost braces in \itemize; meant \describe ?
checkRd: (-1) GREMLINS.Rd:12: Lost braces in \itemize; meant \describe ?
checkRd: (-1) GREMLINS.Rd:13: Lost braces in \itemize; meant \describe ?
checkRd: (-1) GREMLINS.Rd:14: Lost braces in \itemize; meant \describe ?
checkRd: (-1) GREMLINS.Rd:20: Lost braces in \itemize; meant \describe ?
checkRd: (-1) GREMLINS.Rd:21: Lost braces in \itemize; meant \describe ?
checkRd: (-1) GREMLINS.Rd:22: Lost braces in \itemize; meant \describe ?
checkRd: (-1) GREMLINS.Rd:23: Lost braces in \itemize; meant \describe ?
Flavors: r-devel-linux-x86_64-debian-clang, r-devel-linux-x86_64-debian-gcc, r-devel-linux-x86_64-fedora-clang, r-devel-linux-x86_64-fedora-gcc, r-devel-windows-x86_64, r-patched-linux-x86_64, r-release-linux-x86_64, r-release-macos-arm64, r-release-windows-x86_64