CRAN Package Check Results for Package GSparO

Last updated on 2024-02-25 08:53:03 CET.

Flavor Version Tinstall Tcheck Ttotal Status Flags
r-devel-linux-x86_64-debian-clang 1.0 4.07 52.17 56.24 NOTE
r-devel-linux-x86_64-debian-gcc 1.0 4.41 39.48 43.89 NOTE
r-devel-linux-x86_64-fedora-clang 1.0 73.17 NOTE
r-devel-linux-x86_64-fedora-gcc 1.0 70.56 NOTE
r-devel-windows-x86_64 1.0 6.00 59.00 65.00 NOTE
r-patched-linux-x86_64 1.0 5.09 50.40 55.49 NOTE
r-release-linux-x86_64 1.0 5.12 49.80 54.92 NOTE
r-release-macos-arm64 1.0 29.00 NOTE
r-release-macos-x86_64 1.0 37.00 NOTE
r-release-windows-x86_64 1.0 8.00 65.00 73.00 NOTE
r-oldrel-macos-arm64 1.0 24.00 NOTE
r-oldrel-windows-x86_64 1.0 7.00 72.00 79.00 NOTE

Check Details

Version: 1.0
Check: Rd files
Result: NOTE checkRd: (-1) GSparO.Rd:23: Lost braces; missing escapes or markup? 23 | Group sparse optimization (GSparO) for least squares regression by using the proximal gradient algorithm to solve the L_{2,1/2} regularization model. | ^ checkRd: (-1) GSparO.Rd:26: Lost braces; missing escapes or markup? 26 | GSparO is group sparse optimization for least squares regression described in [Hu et al(2017)], in which the proximal gradient algorithm is implemented to solve the L_{2,1/2} regularization model. GSparO is an iterative algorithm consisting of a gradient step for the least squares regression and a proximal steps for the L_{2,1/2} penalty, which is analytically formulated in this function. Also, GSparO can solve sparse variable selection problem in absence of group structure. In particular, setting group in GSparO be a vector of ones, GSparO is reduced to the iterative half thresholding algorithm introduced in [Xu et al (2012)]. | ^ checkRd: (-1) GSparO.Rd:26: Lost braces; missing escapes or markup? 26 | GSparO is group sparse optimization for least squares regression described in [Hu et al(2017)], in which the proximal gradient algorithm is implemented to solve the L_{2,1/2} regularization model. GSparO is an iterative algorithm consisting of a gradient step for the least squares regression and a proximal steps for the L_{2,1/2} penalty, which is analytically formulated in this function. Also, GSparO can solve sparse variable selection problem in absence of group structure. In particular, setting group in GSparO be a vector of ones, GSparO is reduced to the iterative half thresholding algorithm introduced in [Xu et al (2012)]. | ^ Flavors: r-devel-linux-x86_64-debian-clang, r-devel-linux-x86_64-debian-gcc, r-devel-linux-x86_64-fedora-clang, r-devel-linux-x86_64-fedora-gcc

Version: 1.0
Check: LazyData
Result: NOTE 'LazyData' is specified without a 'data' directory Flavors: r-devel-linux-x86_64-debian-clang, r-devel-linux-x86_64-debian-gcc, r-devel-linux-x86_64-fedora-clang, r-devel-linux-x86_64-fedora-gcc, r-devel-windows-x86_64, r-patched-linux-x86_64, r-release-linux-x86_64, r-release-macos-arm64, r-release-macos-x86_64, r-release-windows-x86_64, r-oldrel-macos-arm64, r-oldrel-windows-x86_64