CRAN Package Check Results for Package GWLelast

Last updated on 2024-02-25 16:51:43 CET.

Flavor Version Tinstall Tcheck Ttotal Status Flags
r-devel-linux-x86_64-debian-clang 1.2.2 7.39 73.51 80.90 NOTE
r-devel-linux-x86_64-debian-gcc 1.2.2 5.91 56.46 62.37 NOTE
r-devel-linux-x86_64-fedora-clang 1.2.2 104.52 NOTE
r-devel-linux-x86_64-fedora-gcc 1.2.2 97.29 NOTE
r-devel-windows-x86_64 1.2.2 8.00 70.00 78.00 NOTE
r-patched-linux-x86_64 1.2.2 8.45 72.01 80.46 NOTE
r-release-linux-x86_64 1.2.2 7.32 72.50 79.82 NOTE
r-release-macos-arm64 1.2.2 36.00 NOTE
r-release-macos-x86_64 1.2.2 56.00 NOTE
r-release-windows-x86_64 1.2.2 10.00 82.00 92.00 NOTE
r-oldrel-macos-arm64 1.2.2 31.00 NOTE
r-oldrel-windows-x86_64 1.2.2 10.00 87.00 97.00 NOTE

Check Details

Version: 1.2.2
Check: LazyData
Result: NOTE 'LazyData' is specified without a 'data' directory Flavors: r-devel-linux-x86_64-debian-clang, r-devel-linux-x86_64-debian-gcc, r-devel-linux-x86_64-fedora-clang, r-devel-linux-x86_64-fedora-gcc, r-devel-windows-x86_64, r-patched-linux-x86_64, r-release-linux-x86_64, r-release-macos-arm64, r-release-macos-x86_64, r-release-windows-x86_64, r-oldrel-macos-arm64, r-oldrel-windows-x86_64

Version: 1.2.2
Check: dependencies in R code
Result: NOTE Namespaces in Imports field not imported from: ‘doParallel’ ‘foreach’ ‘spgwr’ All declared Imports should be used. Flavors: r-devel-linux-x86_64-fedora-clang, r-devel-linux-x86_64-fedora-gcc, r-oldrel-macos-arm64