CRAN Package Check Results for Package GWnnegPCA

Last updated on 2024-02-23 16:53:19 CET.

Flavor Version Tinstall Tcheck Ttotal Status Flags
r-devel-linux-x86_64-debian-clang 0.0.4 NOTE
r-devel-linux-x86_64-debian-gcc 0.0.4 2.51 30.68 33.19 NOTE
r-devel-linux-x86_64-fedora-clang 0.0.4 54.60 NOTE
r-devel-linux-x86_64-fedora-gcc 0.0.4 52.14 NOTE
r-devel-windows-x86_64 0.0.4 4.00 56.00 60.00 NOTE
r-patched-linux-x86_64 0.0.4 3.24 39.23 42.47 NOTE
r-release-linux-x86_64 0.0.4 3.32 38.33 41.65 NOTE
r-release-macos-arm64 0.0.4 22.00 NOTE
r-release-macos-x86_64 0.0.4 30.00 NOTE
r-release-windows-x86_64 0.0.4 5.00 58.00 63.00 NOTE
r-oldrel-macos-arm64 0.0.4 61.00 NOTE
r-oldrel-windows-x86_64 0.0.4 5.00 65.00 70.00 NOTE

Check Details

Version: 0.0.4
Check: LazyData
Result: NOTE 'LazyData' is specified without a 'data' directory Flavors: r-devel-linux-x86_64-debian-clang, r-devel-linux-x86_64-debian-gcc, r-devel-linux-x86_64-fedora-clang, r-devel-linux-x86_64-fedora-gcc, r-devel-windows-x86_64, r-patched-linux-x86_64, r-release-linux-x86_64, r-release-macos-arm64, r-release-macos-x86_64, r-release-windows-x86_64, r-oldrel-macos-arm64, r-oldrel-windows-x86_64

Version: 0.0.4
Check: dependencies in R code
Result: NOTE Namespace in Imports field not imported from: ‘sf’ All declared Imports should be used. Flavors: r-devel-linux-x86_64-fedora-clang, r-devel-linux-x86_64-fedora-gcc, r-oldrel-macos-arm64