CRAN Package Check Results for Package GenEst

Last updated on 2024-02-29 00:55:41 CET.

Flavor Version Tinstall Tcheck Ttotal Status Flags
r-devel-linux-x86_64-debian-clang 1.4.9 38.43 279.79 318.22 NOTE
r-devel-linux-x86_64-debian-gcc 1.4.9 33.81 199.85 233.66 NOTE
r-devel-linux-x86_64-fedora-clang 1.4.9 390.69 NOTE
r-devel-linux-x86_64-fedora-gcc 1.4.9 413.51 NOTE
r-devel-windows-x86_64 1.4.9 35.00 252.00 287.00 OK
r-patched-linux-x86_64 1.4.9 32.91 265.70 298.61 OK
r-release-linux-x86_64 1.4.9 33.46 266.41 299.87 OK
r-release-macos-arm64 1.4.9 120.00 OK
r-release-macos-x86_64 1.4.9 217.00 OK
r-release-windows-x86_64 1.4.9 48.00 297.00 345.00 OK
r-oldrel-macos-arm64 1.4.9 108.00 OK
r-oldrel-windows-x86_64 1.4.9 47.00 273.00 320.00 OK

Check Details

Version: 1.4.9
Check: Rd files
Result: NOTE checkRd: (-1) cpm.Rd:70: Lost braces; missing escapes or markup? 70 | covariates included in \code{formula_l} or {formula_s} (required).} | ^ Flavors: r-devel-linux-x86_64-debian-clang, r-devel-linux-x86_64-debian-gcc, r-devel-linux-x86_64-fedora-clang, r-devel-linux-x86_64-fedora-gcc