CRAN Package Check Results for Package GenomeAdmixR

Last updated on 2024-03-03 01:00:44 CET.

Flavor Version Tinstall Tcheck Ttotal Status Flags
r-devel-linux-x86_64-debian-clang 2.1.7 111.47 334.40 445.87 NOTE
r-devel-linux-x86_64-debian-gcc 2.1.7 89.17 248.94 338.11 NOTE
r-devel-linux-x86_64-fedora-clang 2.1.7 571.78 NOTE
r-devel-linux-x86_64-fedora-gcc 2.1.7 615.23 NOTE
r-devel-windows-x86_64 2.1.7 90.00 278.00 368.00 NOTE
r-patched-linux-x86_64 2.1.7 109.45 338.66 448.11 NOTE
r-release-linux-x86_64 2.1.7 89.15 319.72 408.87 NOTE
r-release-macos-arm64 2.1.7 159.00 NOTE
r-release-macos-x86_64 2.1.7 283.00 NOTE
r-release-windows-x86_64 2.1.7 120.00 334.00 454.00 NOTE
r-oldrel-macos-arm64 2.1.7 124.00 NOTE
r-oldrel-windows-x86_64 2.1.7 112.00 341.00 453.00 OK

Check Details

Version: 2.1.7
Check: C++ specification
Result: NOTE Specified C++14: please drop specification unless essential Flavors: r-devel-linux-x86_64-debian-clang, r-devel-linux-x86_64-debian-gcc, r-devel-linux-x86_64-fedora-clang, r-devel-linux-x86_64-fedora-gcc, r-devel-windows-x86_64, r-patched-linux-x86_64, r-release-linux-x86_64, r-release-macos-arm64, r-release-macos-x86_64, r-release-windows-x86_64

Version: 2.1.7
Check: Rd files
Result: NOTE checkRd: (-1) simulate_admixture.Rd:36: Lost braces 36 | \code{location}{ location of the marker under selection (in Morgan) } | ^ checkRd: (-1) simulate_ancestry.Rd:49: Lost braces 49 | \code{location}{ location of the marker under selection (in Morgan) } | ^ checkRd: (-1) simulate_ancestry_migration.Rd:59: Lost braces 59 | \code{location}{ location of the marker under selection (in Morgan) } | ^ checkRd: (-1) simulate_sequence.Rd:51: Lost braces 51 | \code{location}{ location of the marker under selection (in Morgan) } | ^ checkRd: (-1) simulate_sequence_migration.Rd:58: Lost braces 58 | \code{location}{ location of the marker under selection (in Morgan) } | ^ Flavors: r-devel-linux-x86_64-debian-clang, r-devel-linux-x86_64-debian-gcc, r-devel-linux-x86_64-fedora-clang, r-devel-linux-x86_64-fedora-gcc

Version: 2.1.7
Check: dependencies in R code
Result: NOTE Namespace in Imports field not imported from: ‘methods’ All declared Imports should be used. Flavors: r-devel-linux-x86_64-fedora-clang, r-devel-linux-x86_64-fedora-gcc, r-oldrel-macos-arm64

Version: 2.1.7
Check: installed package size
Result: NOTE installed size is 6.8Mb sub-directories of 1Mb or more: doc 2.0Mb libs 4.2Mb Flavors: r-release-macos-arm64, r-release-macos-x86_64, r-oldrel-macos-arm64