CRAN Package Check Results for Package GraphPCA

Last updated on 2024-02-21 00:54:29 CET.

Flavor Version Tinstall Tcheck Ttotal Status Flags
r-devel-linux-x86_64-debian-clang 1.1 NOTE
r-devel-linux-x86_64-debian-gcc 1.1 6.54 80.40 86.94 NOTE
r-devel-linux-x86_64-fedora-clang 1.1 148.17 NOTE
r-devel-linux-x86_64-fedora-gcc 1.1 136.08 NOTE
r-devel-windows-x86_64 1.1 11.00 93.00 104.00 NOTE
r-patched-linux-x86_64 1.1 5.92 106.36 112.28 OK
r-release-linux-x86_64 1.1 5.74 104.48 110.22 OK
r-release-macos-arm64 1.1 47.00 OK
r-release-macos-x86_64 1.1 76.00 OK
r-release-windows-x86_64 1.1 14.00 110.00 124.00 OK
r-oldrel-macos-arm64 1.1 30.00 OK
r-oldrel-windows-x86_64 1.1 14.00 115.00 129.00 OK

Check Details

Version: 1.1
Check: Rd contents
Result: NOTE Argument items with no description in Rd file 'HistPCA.Rd': ‘ggplot’ Flavors: r-devel-linux-x86_64-debian-clang, r-devel-linux-x86_64-debian-gcc, r-devel-linux-x86_64-fedora-clang, r-devel-linux-x86_64-fedora-gcc, r-devel-windows-x86_64