Last updated on 2023-09-24 00:56:43 CEST.
Flavor | Version | Tinstall | Tcheck | Ttotal | Status | Flags |
---|---|---|---|---|---|---|
r-devel-linux-x86_64-debian-clang | 1.1-0 | 8.97 | 114.10 | 123.07 | OK | |
r-devel-linux-x86_64-debian-gcc | 1.1-0 | 9.35 | 101.63 | 110.98 | OK | |
r-devel-linux-x86_64-fedora-clang | 1.1-0 | 157.86 | OK | |||
r-devel-linux-x86_64-fedora-gcc | 1.1-0 | 180.63 | OK | |||
r-devel-windows-x86_64 | 1.1-0 | 11.00 | 125.00 | 136.00 | OK | |
r-patched-linux-x86_64 | 1.1-0 | 15.19 | 110.20 | 125.39 | OK | |
r-release-linux-x86_64 | 1.1-0 | 10.73 | 113.01 | 123.74 | OK | |
r-release-macos-arm64 | 1.1-0 | 57.00 | OK | |||
r-release-macos-x86_64 | 1.1-0 | 91.00 | NOTE | |||
r-release-windows-x86_64 | 1.1-0 | 15.00 | 135.00 | 150.00 | OK | |
r-oldrel-macos-arm64 | 1.1-0 | 51.00 | OK | |||
r-oldrel-macos-x86_64 | 1.1-0 | 68.00 | OK | |||
r-oldrel-windows-x86_64 | 1.1-0 | 15.00 | 141.00 | 156.00 | OK |
Version: 1.1-0
Check: re-building of vignette outputs
Result: NOTE
Error(s) in re-building vignettes:
...
--- re-building ‘HAC.Rnw’ using Sweave
Loading required package: copula
Warning in hac2nacopula(hac) : NAs introduced by coercion
Error: processing vignette 'HAC.Rnw' failed with diagnostics:
Running 'texi2dvi' on 'HAC.tex' failed.
LaTeX errors:
! LaTeX Error: File `german.sty' not found.
Type X to quit or <RETURN> to proceed,
or enter new name. (Default extension: sty)
! Emergency stop.
<read *>
l.47 \selectlanguage
{english}^^M
! ==> Fatal error occurred, no output PDF file produced!
--- failed re-building 'HAC.Rnw'
SUMMARY: processing the following file failed:
'HAC.Rnw'
Error: Vignette re-building failed.
Execution halted
Flavor: r-release-macos-x86_64