CRAN Package Check Results for Package HCTR

Last updated on 2024-06-16 00:58:22 CEST.

Flavor Version Tinstall Tcheck Ttotal Status Flags
r-devel-linux-x86_64-debian-clang 0.1.1 7.70 80.38 88.08 NOTE
r-devel-linux-x86_64-debian-gcc 0.1.1 6.57 62.15 68.72 NOTE
r-devel-linux-x86_64-fedora-clang 0.1.1 109.38 NOTE
r-devel-linux-x86_64-fedora-gcc 0.1.1 105.10 NOTE
r-devel-windows-x86_64 0.1.1 8.00 83.00 91.00 NOTE
r-patched-linux-x86_64 0.1.1 8.98 80.09 89.07 NOTE
r-release-linux-x86_64 0.1.1 7.89 79.59 87.48 NOTE
r-release-macos-arm64 0.1.1 35.00 NOTE
r-release-macos-x86_64 0.1.1 51.00 NOTE
r-release-windows-x86_64 0.1.1 8.00 82.00 90.00 NOTE
r-oldrel-macos-arm64 0.1.1 40.00 NOTE
r-oldrel-macos-x86_64 0.1.1 58.00 NOTE
r-oldrel-windows-x86_64 0.1.1 10.00 102.00 112.00 NOTE

Check Details

Version: 0.1.1
Check: LazyData
Result: NOTE 'LazyData' is specified without a 'data' directory Flavors: r-devel-linux-x86_64-debian-clang, r-devel-linux-x86_64-debian-gcc, r-devel-linux-x86_64-fedora-clang, r-devel-linux-x86_64-fedora-gcc, r-devel-windows-x86_64, r-patched-linux-x86_64, r-release-linux-x86_64, r-release-macos-arm64, r-release-macos-x86_64, r-release-windows-x86_64, r-oldrel-macos-arm64, r-oldrel-macos-x86_64, r-oldrel-windows-x86_64