Last updated on 2024-05-06 00:52:44 CEST.
Flavor | Version | Tinstall | Tcheck | Ttotal | Status | Flags |
---|---|---|---|---|---|---|
r-devel-linux-x86_64-debian-clang | 0.1.1 | 6.88 | 83.18 | 90.06 | NOTE | |
r-devel-linux-x86_64-debian-gcc | 0.1.1 | 7.01 | 61.99 | 69.00 | NOTE | |
r-devel-linux-x86_64-fedora-clang | 0.1.1 | 108.70 | NOTE | |||
r-devel-linux-x86_64-fedora-gcc | 0.1.1 | 105.51 | NOTE | |||
r-devel-windows-x86_64 | 0.1.1 | 8.00 | 81.00 | 89.00 | NOTE | |
r-patched-linux-x86_64 | 0.1.1 | 7.23 | 79.30 | 86.53 | NOTE | |
r-release-linux-x86_64 | 0.1.1 | 6.18 | 77.76 | 83.94 | NOTE | |
r-release-macos-arm64 | 0.1.1 | 35.00 | NOTE | |||
r-release-windows-x86_64 | 0.1.1 | 8.00 | 82.00 | 90.00 | NOTE | |
r-oldrel-macos-arm64 | 0.1.1 | 40.00 | NOTE | |||
r-oldrel-macos-x86_64 | 0.1.1 | 58.00 | NOTE | |||
r-oldrel-windows-x86_64 | 0.1.1 | 10.00 | 94.00 | 104.00 | NOTE |
Version: 0.1.1
Check: LazyData
Result: NOTE
'LazyData' is specified without a 'data' directory
Flavors: r-devel-linux-x86_64-debian-clang, r-devel-linux-x86_64-debian-gcc, r-devel-linux-x86_64-fedora-clang, r-devel-linux-x86_64-fedora-gcc, r-devel-windows-x86_64, r-patched-linux-x86_64, r-release-linux-x86_64, r-release-macos-arm64, r-release-windows-x86_64, r-oldrel-macos-arm64, r-oldrel-macos-x86_64, r-oldrel-windows-x86_64