CRAN Package Check Results for Package HDJM

Last updated on 2024-03-01 08:53:00 CET.

Flavor Version Tinstall Tcheck Ttotal Status Flags
r-devel-linux-x86_64-debian-clang 0.1.0 64.51 68.97 133.48 OK
r-devel-linux-x86_64-debian-gcc 0.1.0 58.69 52.92 111.61 OK
r-devel-linux-x86_64-fedora-clang 0.1.0 178.25 OK
r-devel-linux-x86_64-fedora-gcc 0.1.0 208.33 OK
r-devel-windows-x86_64 0.1.0 52.00 93.00 145.00 OK
r-patched-linux-x86_64 0.1.0 69.64 68.56 138.20 OK
r-release-linux-x86_64 0.1.0 73.18 67.35 140.53 OK
r-release-macos-arm64 0.1.0 52.00 NOTE
r-release-macos-x86_64 0.1.0 110.00 NOTE
r-release-windows-x86_64 0.1.0 63.00 102.00 165.00 OK
r-oldrel-macos-arm64 0.1.0 52.00 NOTE
r-oldrel-windows-x86_64 0.1.0 63.00 99.00 162.00 OK

Check Details

Version: 0.1.0
Check: installed package size
Result: NOTE installed size is 6.1Mb sub-directories of 1Mb or more: libs 5.6Mb Flavors: r-release-macos-arm64, r-release-macos-x86_64, r-oldrel-macos-arm64