CRAN Package Check Results for Package HLMdiag

Last updated on 2024-02-29 15:53:47 CET.

Flavor Version Tinstall Tcheck Ttotal Status Flags
r-devel-linux-x86_64-debian-clang 0.5.0 114.30 300.54 414.84 NOTE
r-devel-linux-x86_64-debian-gcc 0.5.0 88.92 221.87 310.79 NOTE
r-devel-linux-x86_64-fedora-clang 0.5.0 526.38 NOTE
r-devel-linux-x86_64-fedora-gcc 0.5.0 525.76 NOTE
r-devel-windows-x86_64 0.5.0 85.00 241.00 326.00 NOTE
r-patched-linux-x86_64 0.5.0 107.03 288.57 395.60 NOTE
r-release-linux-x86_64 0.5.0 91.14 287.92 379.06 NOTE
r-release-macos-arm64 0.5.0 155.00 NOTE
r-release-macos-x86_64 0.5.0 260.00 NOTE
r-release-windows-x86_64 0.5.0 107.00 316.00 423.00 NOTE
r-oldrel-macos-arm64 0.5.0 130.00 OK
r-oldrel-windows-x86_64 0.5.0 105.00 281.00 386.00 OK

Check Details

Version: 0.5.0
Check: C++ specification
Result: NOTE Specified C++11: please drop specification unless essential Flavors: r-devel-linux-x86_64-debian-clang, r-devel-linux-x86_64-debian-gcc, r-devel-linux-x86_64-fedora-clang, r-devel-linux-x86_64-fedora-gcc, r-devel-windows-x86_64, r-patched-linux-x86_64, r-release-linux-x86_64, r-release-macos-arm64, r-release-macos-x86_64, r-release-windows-x86_64