CRAN Package Check Results for Package HOasso

Last updated on 2024-02-21 00:54:30 CET.

Flavor Version Tinstall Tcheck Ttotal Status Flags
r-devel-linux-x86_64-debian-clang 1.0.1 NOTE
r-devel-linux-x86_64-debian-gcc 1.0.1 2.73 27.21 29.94 NOTE
r-devel-linux-x86_64-fedora-clang 1.0.1 47.31 OK
r-devel-linux-x86_64-fedora-gcc 1.0.1 45.20 OK
r-devel-windows-x86_64 1.0.1 4.00 53.00 57.00 OK
r-patched-linux-x86_64 1.0.1 2.43 34.93 37.36 OK
r-release-linux-x86_64 1.0.1 3.03 34.39 37.42 OK
r-release-macos-arm64 1.0.1 23.00 OK
r-release-macos-x86_64 1.0.1 36.00 OK
r-release-windows-x86_64 1.0.1 4.00 56.00 60.00 OK
r-oldrel-macos-arm64 1.0.1 24.00 OK
r-oldrel-windows-x86_64 1.0.1 4.00 64.00 68.00 OK

Check Details

Version: 1.0.1
Check: Rd files
Result: NOTE checkRd: (-1) HOasso.Rd:43: Lost braces; missing escapes or markup? 43 | Arguments \code{x} and {y} are \code{character} objects and can assume values \code{"sout"}, \code{"dout"}, \code{"lout"}, \code{"sin"}, \code{"din"}, \code{"lin"} representing the out-strength, out-degree, out-log-strength, in-strength, in-degree, and in-log-strength respectively. | ^ Flavors: r-devel-linux-x86_64-debian-clang, r-devel-linux-x86_64-debian-gcc