CRAN Package Check Results for Package HRW

Last updated on 2024-02-29 00:55:42 CET.

Flavor Version Tinstall Tcheck Ttotal Status Flags
r-devel-linux-x86_64-debian-clang 1.0-5 16.41 53.29 69.70 OK
r-devel-linux-x86_64-debian-gcc 1.0-5 13.65 41.23 54.88 OK
r-devel-linux-x86_64-fedora-clang 1.0-5 87.89 NOTE
r-devel-linux-x86_64-fedora-gcc 1.0-5 87.07 OK
r-devel-windows-x86_64 1.0-5 16.00 67.00 83.00 NOTE
r-patched-linux-x86_64 1.0-5 15.81 51.87 67.68 OK
r-release-linux-x86_64 1.0-5 15.74 52.50 68.24 OK
r-release-macos-arm64 1.0-5 38.00 NOTE
r-release-macos-x86_64 1.0-5 58.00 NOTE
r-release-windows-x86_64 1.0-5 15.00 77.00 92.00 NOTE
r-oldrel-macos-arm64 1.0-5 38.00 NOTE
r-oldrel-windows-x86_64 1.0-5 21.00 80.00 101.00 NOTE

Check Details

Version: 1.0-5
Check: installed package size
Result: NOTE installed size is 7.6Mb sub-directories of 1Mb or more: data 7.1Mb Flavors: r-devel-linux-x86_64-fedora-clang, r-devel-windows-x86_64, r-release-macos-arm64, r-release-macos-x86_64, r-release-windows-x86_64, r-oldrel-macos-arm64, r-oldrel-windows-x86_64