CRAN Package Check Results for Package HardyWeinberg

Last updated on 2024-02-26 08:48:46 CET.

Flavor Version Tinstall Tcheck Ttotal Status Flags
r-devel-linux-x86_64-debian-clang 1.7.5 55.59 267.42 323.01 NOTE
r-devel-linux-x86_64-debian-gcc 1.7.5 40.71 200.91 241.62 NOTE
r-devel-linux-x86_64-fedora-clang 1.7.5 426.32 NOTE
r-devel-linux-x86_64-fedora-gcc 1.7.5 428.19 NOTE
r-devel-windows-x86_64 1.7.5 46.00 261.00 307.00 NOTE
r-patched-linux-x86_64 1.7.5 46.78 261.18 307.96 NOTE
r-release-linux-x86_64 1.7.5 50.97 259.97 310.94 NOTE
r-release-macos-arm64 1.7.5 142.00 NOTE
r-release-macos-x86_64 1.7.5 241.00 NOTE
r-release-windows-x86_64 1.7.5 57.00 312.00 369.00 NOTE
r-oldrel-macos-arm64 1.7.5 116.00 OK
r-oldrel-windows-x86_64 1.7.5 56.00 304.00 360.00 OK

Check Details

Version: 1.7.5
Check: Rd files
Result: NOTE checkRd: (-1) HWAlr.Rd:25: Escaped LaTeX specials: \& checkRd: (-1) HWAlrPlot.Rd:25: Escaped LaTeX specials: \& checkRd: (-1) HWClr.Rd:23: Escaped LaTeX specials: \& checkRd: (-1) HWClrPlot.Rd:25: Escaped LaTeX specials: \& checkRd: (-1) HWIlr.Rd:30: Escaped LaTeX specials: \& checkRd: (-1) HWPerm.Rd:37: Lost braces 37 | Ziegler, A. & K\"{o}nig, I.R. (2006) A statistical approach to genetic | ^ checkRd: (-1) HWf.Rd:25: Escaped LaTeX specials: \& Flavors: r-devel-linux-x86_64-debian-clang, r-devel-linux-x86_64-debian-gcc, r-devel-linux-x86_64-fedora-clang, r-devel-linux-x86_64-fedora-gcc

Version: 1.7.5
Check: Rd files
Result: NOTE checkRd: (-1) HWAlr.Rd:25: Escaped LaTeX specials: \& checkRd: (-1) HWAlrPlot.Rd:25: Escaped LaTeX specials: \& checkRd: (-1) HWClr.Rd:23: Escaped LaTeX specials: \& checkRd: (-1) HWClrPlot.Rd:25: Escaped LaTeX specials: \& checkRd: (-1) HWIlr.Rd:30: Escaped LaTeX specials: \& checkRd: (-1) HWf.Rd:25: Escaped LaTeX specials: \& Flavors: r-devel-windows-x86_64, r-patched-linux-x86_64, r-release-linux-x86_64, r-release-macos-arm64, r-release-macos-x86_64, r-release-windows-x86_64

Version: 1.7.5
Check: re-building of vignette outputs
Result: NOTE Error(s) in re-building vignettes: --- re-building ‘HardyWeinberg.Rnw’ using Sweave Loading required package: mice Attaching package: 'mice' The following object is masked from 'package:stats': filter The following objects are masked from 'package:base': cbind, rbind Loading required package: Rsolnp Loading required package: nnet Warning: Number of logged events: 1 Warning: Number of logged events: 1 Error: processing vignette 'HardyWeinberg.Rnw' failed with diagnostics: Running 'texi2dvi' on 'HardyWeinberg.tex' failed. LaTeX errors: ! LaTeX Error: File `wasysym.sty' not found. Type X to quit or <RETURN> to proceed, or enter new name. (Default extension: sty) ! Emergency stop. <read *> l.10 ^^M ! ==> Fatal error occurred, no output PDF file produced! --- failed re-building 'HardyWeinberg.Rnw' SUMMARY: processing the following file failed: 'HardyWeinberg.Rnw' Error: Vignette re-building failed. Execution halted Flavor: r-release-macos-x86_64