CRAN Package Check Results for Package Hmisc

Last updated on 2024-02-21 00:54:30 CET.

Flavor Version Tinstall Tcheck Ttotal Status Flags
r-devel-linux-x86_64-debian-clang 5.1-1 NOTE
r-devel-linux-x86_64-debian-gcc 5.1-1 47.40 276.63 324.03 NOTE
r-devel-linux-x86_64-fedora-clang 5.1-1 523.94 NOTE
r-devel-linux-x86_64-fedora-gcc 5.1-1 503.37 NOTE
r-devel-windows-x86_64 5.1-1 53.00 326.00 379.00 NOTE
r-patched-linux-x86_64 5.1-1 56.04 360.38 416.42 NOTE
r-release-linux-x86_64 5.1-1 39.10 364.64 403.74 NOTE
r-release-macos-arm64 5.1-1 152.00 NOTE
r-release-macos-x86_64 5.1-1 251.00 NOTE
r-release-windows-x86_64 5.1-1 71.00 423.00 494.00 NOTE
r-oldrel-macos-arm64 5.1-1 123.00 NOTE
r-oldrel-windows-x86_64 5.1-1 73.00 396.00 469.00 NOTE

Check Details

Version: 5.1-1
Check: R code for possible problems
Result: NOTE html_describe_con: multiple local function definitions for ā€˜gā€™ with different formal arguments Flavors: r-devel-linux-x86_64-debian-clang, r-devel-linux-x86_64-debian-gcc, r-devel-linux-x86_64-fedora-clang, r-devel-linux-x86_64-fedora-gcc, r-devel-windows-x86_64, r-patched-linux-x86_64, r-release-linux-x86_64, r-release-macos-arm64, r-release-macos-x86_64, r-release-windows-x86_64, r-oldrel-macos-arm64, r-oldrel-windows-x86_64

Version: 5.1-1
Check: Rd files
Result: NOTE checkRd: (-1) summaryP.Rd:29: Lost braces 29 | \code{Hmisc::dotchartpl} with code{plotly} if \code{marginVal} is | ^ checkRd: (-1) windows/sas.get.Rd:318: Escaped LaTeX specials: \_ Flavors: r-devel-linux-x86_64-debian-clang, r-devel-linux-x86_64-debian-gcc

Version: 5.1-1
Check: Rd files
Result: NOTE checkRd: (-1) windows/sas.get.Rd:318: Escaped LaTeX specials: \_ Flavor: r-devel-windows-x86_64