Last updated on 2024-04-18 01:02:56 CEST.
Flavor | Version | Tinstall | Tcheck | Ttotal | Status | Flags |
---|---|---|---|---|---|---|
r-devel-linux-x86_64-debian-clang | 5.1-2 | 54.56 | 385.54 | 440.10 | NOTE | |
r-devel-linux-x86_64-debian-gcc | 5.1-2 | 46.88 | 268.30 | 315.18 | NOTE | |
r-devel-linux-x86_64-fedora-clang | 5.1-2 | 544.07 | NOTE | |||
r-devel-linux-x86_64-fedora-gcc | 5.1-2 | 537.24 | NOTE | |||
r-prerel-macos-arm64 | 5.1-2 | 137.00 | NOTE | |||
r-prerel-macos-x86_64 | 5.1-2 | 267.00 | NOTE | |||
r-prerel-windows-x86_64 | 5.1-2 | 60.00 | 330.00 | 390.00 | NOTE | |
r-patched-linux-x86_64 | 5.1-2 | 82.47 | 365.43 | 447.90 | NOTE | |
r-release-linux-x86_64 | 5.1-2 | 39.57 | 370.02 | 409.59 | NOTE | |
r-release-macos-arm64 | 5.1-2 | 110.00 | NOTE | |||
r-release-macos-x86_64 | 5.1-2 | 274.00 | NOTE | |||
r-release-windows-x86_64 | 5.1-2 | 78.00 | 427.00 | 505.00 | NOTE | |
r-oldrel-macos-arm64 | 5.1-2 | 110.00 | NOTE | |||
r-oldrel-windows-x86_64 | 5.1-2 | 76.00 | 396.00 | 472.00 | NOTE |
Version: 5.1-2
Check: R code for possible problems
Result: NOTE
html_describe_con: multiple local function definitions for āgā with
different formal arguments
Flavors: r-devel-linux-x86_64-debian-clang, r-devel-linux-x86_64-debian-gcc, r-devel-linux-x86_64-fedora-clang, r-devel-linux-x86_64-fedora-gcc, r-prerel-macos-arm64, r-prerel-macos-x86_64, r-prerel-windows-x86_64, r-patched-linux-x86_64, r-release-linux-x86_64, r-release-macos-arm64, r-release-macos-x86_64, r-release-windows-x86_64, r-oldrel-macos-arm64, r-oldrel-windows-x86_64