CRAN Package Check Results for Package Hmsc

Last updated on 2024-02-27 16:49:18 CET.

Flavor Version Tinstall Tcheck Ttotal Status Flags
r-devel-linux-x86_64-debian-clang 3.0-13 25.59 205.20 230.79 NOTE
r-devel-linux-x86_64-debian-gcc 3.0-13 20.05 152.33 172.38 NOTE
r-devel-linux-x86_64-fedora-clang 3.0-13 285.17 NOTE
r-devel-linux-x86_64-fedora-gcc 3.0-13 306.20 NOTE
r-devel-windows-x86_64 3.0-13 23.00 154.00 177.00 OK
r-patched-linux-x86_64 3.0-13 26.65 197.93 224.58 OK
r-release-linux-x86_64 3.0-13 25.11 200.31 225.42 OK
r-release-macos-arm64 3.0-13 82.00 OK
r-release-macos-x86_64 3.0-13 141.00 OK
r-release-windows-x86_64 3.0-13 31.00 197.00 228.00 OK
r-oldrel-macos-arm64 3.0-13 72.00 OK
r-oldrel-windows-x86_64 3.0-13 32.00 190.00 222.00 OK

Check Details

Version: 3.0-13
Check: Rd files
Result: NOTE checkRd: (-1) sampleMcmc.Rd:93: Lost braces; missing escapes or markup? 93 | disable some of them, by adding a \code{$UPDATER_NAME=FALSE} pair to the {updater} argument. Another usage of | ^ Flavors: r-devel-linux-x86_64-debian-clang, r-devel-linux-x86_64-debian-gcc, r-devel-linux-x86_64-fedora-clang, r-devel-linux-x86_64-fedora-gcc