CRAN Package Check Results for Package HybridMicrobiomes

Last updated on 2024-02-29 08:48:56 CET.

Flavor Version Tinstall Tcheck Ttotal Status Flags
r-devel-linux-x86_64-debian-clang 0.1.1 32.78 347.94 380.72 NOTE
r-devel-linux-x86_64-debian-gcc 0.1.1 26.90 257.39 284.29 NOTE
r-devel-linux-x86_64-fedora-clang 0.1.1 467.10 NOTE
r-devel-linux-x86_64-fedora-gcc 0.1.1 464.93 NOTE
r-devel-windows-x86_64 0.1.1 29.00 248.00 277.00 NOTE
r-patched-linux-x86_64 0.1.1 33.85 328.54 362.39 NOTE
r-release-linux-x86_64 0.1.1 23.26 334.63 357.89 NOTE
r-release-macos-arm64 0.1.1 9.00 ERROR
r-release-macos-x86_64 0.1.1 6.00 ERROR
r-release-windows-x86_64 0.1.1 38.00 317.00 355.00 NOTE
r-oldrel-macos-arm64 0.1.1 146.00 NOTE
r-oldrel-windows-x86_64 0.1.1 40.00 310.00 350.00 NOTE

Check Details

Version: 0.1.1
Check: package dependencies
Result: NOTE Package suggested but not available for checking: ‘microViz’ Flavors: r-devel-linux-x86_64-debian-clang, r-devel-linux-x86_64-debian-gcc, r-devel-linux-x86_64-fedora-clang, r-devel-linux-x86_64-fedora-gcc, r-devel-windows-x86_64, r-patched-linux-x86_64, r-release-linux-x86_64, r-release-windows-x86_64, r-oldrel-macos-arm64, r-oldrel-windows-x86_64

Version: 0.1.1
Check: package dependencies
Result: ERROR Package required but not available: ‘phyloseq’ Package suggested but not available for checking: ‘microViz’ See section ‘The DESCRIPTION file’ in the ‘Writing R Extensions’ manual. Flavors: r-release-macos-arm64, r-release-macos-x86_64