CRAN Package Check Results for Package ICAOD

Last updated on 2024-03-01 00:55:21 CET.

Flavor Version Tinstall Tcheck Ttotal Status Flags
r-devel-linux-x86_64-debian-clang 1.0.1 163.23 133.62 296.85 NOTE
r-devel-linux-x86_64-debian-gcc 1.0.1 127.57 96.61 224.18 NOTE
r-devel-linux-x86_64-fedora-clang 1.0.1 428.18 NOTE
r-devel-linux-x86_64-fedora-gcc 1.0.1 424.12 NOTE
r-devel-windows-x86_64 1.0.1 120.00 130.00 250.00 NOTE
r-patched-linux-x86_64 1.0.1 122.60 129.82 252.42 NOTE
r-release-linux-x86_64 1.0.1 114.30 129.38 243.68 NOTE
r-release-macos-arm64 1.0.1 93.00 NOTE
r-release-macos-x86_64 1.0.1 151.00 NOTE
r-release-windows-x86_64 1.0.1 170.00 171.00 341.00 NOTE
r-oldrel-macos-arm64 1.0.1 79.00 NOTE
r-oldrel-windows-x86_64 1.0.1 151.00 149.00 300.00 NOTE

Check Details

Version: 1.0.1
Check: Rd files
Result: NOTE checkRd: (-1) ICAOD.Rd:12: Lost braces in \itemize; meant \describe ? checkRd: (-1) ICAOD.Rd:13: Lost braces in \itemize; meant \describe ? checkRd: (-1) ICAOD.Rd:14: Lost braces in \itemize; meant \describe ? checkRd: (-1) ICAOD.Rd:15-16: Lost braces in \itemize; meant \describe ? checkRd: (-1) ICAOD.Rd:21: Lost braces in \itemize; meant \describe ? checkRd: (-1) ICAOD.Rd:22-23: Lost braces in \itemize; meant \describe ? checkRd: (-1) bayes.Rd:142: Lost braces in \itemize; meant \describe ? checkRd: (-1) bayes.Rd:143: Lost braces in \itemize; meant \describe ? checkRd: (-1) bayes.Rd:144: Lost braces in \itemize; meant \describe ? checkRd: (-1) bayes.Rd:145: Lost braces in \itemize; meant \describe ? checkRd: (-1) crt.bayes.control.Rd:63: Lost braces 63 | \item{\code{level.trans}}{Logical variable denotes either to take the levels as number of grid points (FALSE = default) or to transform in that manner that number of grid points = 2^(levels-1) (TRUE). See, code{\link[mvQuad]{createNIGrid}}, for details.} | ^ checkRd: (-1) normal.Rd:21: Lost braces in \itemize; \value handles \item{}{} directly checkRd: (-1) normal.Rd:22: Lost braces in \itemize; \value handles \item{}{} directly checkRd: (-1) normal.Rd:23: Lost braces in \itemize; \value handles \item{}{} directly checkRd: (-1) normal.Rd:24: Lost braces in \itemize; \value handles \item{}{} directly checkRd: (-1) sens.minimax.control.Rd:40-45: Lost braces in \itemize; meant \describe ? checkRd: (-1) sens.minimax.control.Rd:46-47: Lost braces in \itemize; meant \describe ? checkRd: (-1) skewnormal.Rd:23: Lost braces in \itemize; \value handles \item{}{} directly checkRd: (-1) skewnormal.Rd:24: Lost braces in \itemize; \value handles \item{}{} directly checkRd: (-1) skewnormal.Rd:25: Lost braces in \itemize; \value handles \item{}{} directly checkRd: (-1) skewnormal.Rd:26: Lost braces in \itemize; \value handles \item{}{} directly checkRd: (-1) student.Rd:23: Lost braces in \itemize; \value handles \item{}{} directly checkRd: (-1) student.Rd:24: Lost braces in \itemize; \value handles \item{}{} directly checkRd: (-1) student.Rd:25: Lost braces in \itemize; \value handles \item{}{} directly checkRd: (-1) student.Rd:26: Lost braces in \itemize; \value handles \item{}{} directly checkRd: (-1) uniform.Rd:17: Lost braces in \itemize; \value handles \item{}{} directly checkRd: (-1) uniform.Rd:18: Lost braces in \itemize; \value handles \item{}{} directly checkRd: (-1) uniform.Rd:19: Lost braces in \itemize; \value handles \item{}{} directly checkRd: (-1) uniform.Rd:20: Lost braces in \itemize; \value handles \item{}{} directly Flavors: r-devel-linux-x86_64-debian-clang, r-devel-linux-x86_64-debian-gcc, r-devel-linux-x86_64-fedora-clang, r-devel-linux-x86_64-fedora-gcc

Version: 1.0.1
Check: LazyData
Result: NOTE 'LazyData' is specified without a 'data' directory Flavors: r-devel-linux-x86_64-debian-clang, r-devel-linux-x86_64-debian-gcc, r-devel-linux-x86_64-fedora-clang, r-devel-linux-x86_64-fedora-gcc, r-devel-windows-x86_64, r-patched-linux-x86_64, r-release-linux-x86_64, r-release-macos-arm64, r-release-macos-x86_64, r-release-windows-x86_64, r-oldrel-macos-arm64, r-oldrel-windows-x86_64

Version: 1.0.1
Check: installed package size
Result: NOTE installed size is 7.0Mb sub-directories of 1Mb or more: libs 6.2Mb Flavors: r-release-macos-arm64, r-release-macos-x86_64, r-oldrel-macos-arm64