Last updated on 2023-12-11 00:49:09 CET.
Flavor | Version | Tinstall | Tcheck | Ttotal | Status | Flags |
---|---|---|---|---|---|---|
r-devel-linux-x86_64-debian-clang | 0.0.1 | 4.66 | 50.38 | 55.04 | OK | |
r-devel-linux-x86_64-debian-gcc | 0.0.1 | 3.50 | 37.85 | 41.35 | OK | |
r-devel-linux-x86_64-fedora-clang | 0.0.1 | 66.78 | NOTE | |||
r-devel-linux-x86_64-fedora-gcc | 0.0.1 | 77.47 | NOTE | |||
r-devel-windows-x86_64 | 0.0.1 | 5.00 | 58.00 | 63.00 | OK | |
r-patched-linux-x86_64 | 0.0.1 | 4.45 | 48.07 | 52.52 | OK | |
r-release-linux-x86_64 | 0.0.1 | 4.38 | 48.89 | 53.27 | OK | |
r-release-macos-arm64 | 0.0.1 | 30.00 | OK | |||
r-release-macos-x86_64 | 0.0.1 | 42.00 | OK | |||
r-release-windows-x86_64 | 0.0.1 | 7.00 | 65.00 | 72.00 | OK | |
r-oldrel-macos-arm64 | 0.0.1 | 20.00 | NOTE | |||
r-oldrel-macos-x86_64 | 0.0.1 | 32.00 | NOTE | |||
r-oldrel-windows-x86_64 | 0.0.1 | 7.00 | 71.00 | 78.00 | OK |
Version: 0.0.1
Check: dependencies in R code
Result: NOTE
Namespace in Imports field not imported from: ‘knitr’
All declared Imports should be used.
Flavors: r-devel-linux-x86_64-fedora-clang, r-devel-linux-x86_64-fedora-gcc, r-oldrel-macos-arm64, r-oldrel-macos-x86_64