Last updated on 2023-12-04 00:52:44 CET.
Flavor | Version | Tinstall | Tcheck | Ttotal | Status | Flags |
---|---|---|---|---|---|---|
r-devel-linux-x86_64-debian-clang | 0.3-5 | 47.86 | 220.02 | 267.88 | OK | |
r-devel-linux-x86_64-debian-gcc | 0.3-5 | 35.43 | 160.84 | 196.27 | OK | |
r-devel-linux-x86_64-fedora-clang | 0.3-5 | 346.96 | OK | |||
r-devel-linux-x86_64-fedora-gcc | 0.3-5 | 341.22 | OK | |||
r-devel-windows-x86_64 | 0.3-5 | 42.00 | 190.00 | 232.00 | OK | |
r-patched-linux-x86_64 | 0.3-5 | 43.66 | 211.15 | 254.81 | OK | |
r-release-linux-x86_64 | 0.3-5 | 36.62 | 206.77 | 243.39 | OK | |
r-release-macos-arm64 | 0.3-5 | 100.00 | NOTE | |||
r-release-macos-x86_64 | 0.3-5 | 171.00 | NOTE | |||
r-release-windows-x86_64 | 0.3-5 | 54.00 | 238.00 | 292.00 | OK | |
r-oldrel-macos-arm64 | 0.3-5 | 99.00 | NOTE | |||
r-oldrel-macos-x86_64 | 0.3-5 | 114.00 | NOTE | |||
r-oldrel-windows-x86_64 | 0.3-5 | 53.00 | 237.00 | 290.00 | OK |
Version: 0.3-5
Check: installed package size
Result: NOTE
installed size is 5.6Mb
sub-directories of 1Mb or more:
doc 2.5Mb
libs 2.8Mb
Flavors: r-release-macos-arm64, r-release-macos-x86_64, r-oldrel-macos-arm64, r-oldrel-macos-x86_64