CRAN Package Check Results for Package IMP

Last updated on 2024-02-29 00:55:43 CET.

Flavor Version Tinstall Tcheck Ttotal Status Flags
r-devel-linux-x86_64-debian-clang 1.1 6.70 61.84 68.54 NOTE
r-devel-linux-x86_64-debian-gcc 1.1 5.79 46.41 52.20 NOTE
r-devel-linux-x86_64-fedora-clang 1.1 84.60 NOTE
r-devel-linux-x86_64-fedora-gcc 1.1 79.86 NOTE
r-devel-windows-x86_64 1.1 7.00 67.00 74.00 NOTE
r-patched-linux-x86_64 1.1 5.48 57.49 62.97 NOTE
r-release-linux-x86_64 1.1 4.80 59.08 63.88 NOTE
r-release-macos-arm64 1.1 29.00 NOTE
r-release-macos-x86_64 1.1 40.00 NOTE
r-release-windows-x86_64 1.1 8.00 76.00 84.00 NOTE
r-oldrel-macos-arm64 1.1 27.00 NOTE
r-oldrel-windows-x86_64 1.1 10.00 82.00 92.00 NOTE

Check Details

Version: 1.1
Check: LazyData
Result: NOTE 'LazyData' is specified without a 'data' directory Flavors: r-devel-linux-x86_64-debian-clang, r-devel-linux-x86_64-debian-gcc, r-devel-linux-x86_64-fedora-clang, r-devel-linux-x86_64-fedora-gcc, r-devel-windows-x86_64, r-patched-linux-x86_64, r-release-linux-x86_64, r-release-macos-arm64, r-release-macos-x86_64, r-release-windows-x86_64, r-oldrel-macos-arm64, r-oldrel-windows-x86_64