CRAN Package Check Results for Package IRCcheck

Last updated on 2024-04-22 00:53:20 CEST.

Flavor Version Tinstall Tcheck Ttotal Status Flags
r-devel-linux-x86_64-debian-clang 1.0.0 7.60 55.98 63.58 NOTE
r-devel-linux-x86_64-debian-gcc 1.0.0 4.72 41.36 46.08 NOTE
r-devel-linux-x86_64-fedora-clang 1.0.0 80.84 NOTE
r-devel-linux-x86_64-fedora-gcc 1.0.0 73.28 NOTE
r-prerel-macos-arm64 1.0.0 27.00 NOTE
r-prerel-windows-x86_64 1.0.0 7.00 58.00 65.00 NOTE
r-patched-linux-x86_64 1.0.0 4.76 53.25 58.01 NOTE
r-release-linux-x86_64 1.0.0 5.86 53.29 59.15 NOTE
r-release-macos-arm64 1.0.0 29.00 NOTE
r-release-macos-x86_64 1.0.0 39.00 NOTE
r-release-windows-x86_64 1.0.0 8.00 66.00 74.00 NOTE
r-oldrel-macos-arm64 1.0.0 26.00 NOTE
r-oldrel-windows-x86_64 1.0.0 9.00 72.00 81.00 OK

Check Details

Version: 1.0.0
Check: Rd files
Result: NOTE checkRd: (-1) constrained.Rd:49: Escaped LaTeX specials: \& Flavors: r-devel-linux-x86_64-debian-clang, r-devel-linux-x86_64-debian-gcc, r-devel-linux-x86_64-fedora-clang, r-devel-linux-x86_64-fedora-gcc, r-prerel-macos-arm64, r-prerel-windows-x86_64, r-patched-linux-x86_64, r-release-linux-x86_64, r-release-macos-arm64, r-release-macos-x86_64, r-release-windows-x86_64

Version: 1.0.0
Check: dependencies in R code
Result: NOTE Namespaces in Imports field not imported from: ‘Rdpack’ ‘glmnet’ All declared Imports should be used. Flavors: r-devel-linux-x86_64-fedora-clang, r-devel-linux-x86_64-fedora-gcc, r-oldrel-macos-arm64