CRAN Package Check Results for Package IRISMustangMetrics

Last updated on 2024-02-23 00:59:31 CET.

Flavor Version Tinstall Tcheck Ttotal Status Flags
r-devel-linux-x86_64-debian-clang 2.4.6 NOTE
r-devel-linux-x86_64-debian-gcc 2.4.6 7.22 50.75 57.97 NOTE
r-devel-linux-x86_64-fedora-clang 2.4.6 97.65 NOTE
r-devel-linux-x86_64-fedora-gcc 2.4.6 96.28 NOTE
r-devel-windows-x86_64 2.4.6 10.00 78.00 88.00 OK
r-patched-linux-x86_64 2.4.6 16.73 66.09 82.82 OK
r-release-linux-x86_64 2.4.6 9.35 65.34 74.69 OK
r-release-macos-arm64 2.4.6 34.00 OK
r-release-macos-x86_64 2.4.6 65.00 OK
r-release-windows-x86_64 2.4.6 13.00 89.00 102.00 OK
r-oldrel-macos-arm64 2.4.6 35.00 OK
r-oldrel-windows-x86_64 2.4.6 13.00 92.00 105.00 OK

Check Details

Version: 2.4.6
Check: Rd files
Result: NOTE checkRd: (-1) createBssUrl.Rd:28: Lost braces 28 | \code{constraint}{ a character string containing value constraints } | ^ checkRd: (-1) createBssUrl.Rd:29: Lost braces 29 | \code{url}{ optional url of the BSS measurements service } | ^ checkRd: (-1) getGeneralValueMetrics.Rd:28: Lost braces 28 | \code{constraint}{ a character string containing value constraints } | ^ checkRd: (-1) getGeneralValueMetrics.Rd:29: Lost braces 29 | \code{url}{ optional url of the MUSTANG measurements service} | ^ checkRd: (-1) getMustangMetrics.Rd:28: Lost braces 28 | \code{constraint}{ a character string containing value constraints } | ^ checkRd: (-1) getMustangMetrics.Rd:29: Lost braces 29 | \code{url}{ optional url of the MUSTANG measurements service } | ^ Flavors: r-devel-linux-x86_64-debian-clang, r-devel-linux-x86_64-debian-gcc, r-devel-linux-x86_64-fedora-clang, r-devel-linux-x86_64-fedora-gcc