Last updated on 2024-05-21 00:57:13 CEST.
Flavor | Version | Tinstall | Tcheck | Ttotal | Status | Flags |
---|---|---|---|---|---|---|
r-devel-linux-x86_64-debian-clang | 1.1.3 | 30.00 | 58.20 | 88.20 | NOTE | |
r-devel-linux-x86_64-debian-gcc | 1.1.3 | 22.09 | 44.06 | 66.15 | NOTE | |
r-devel-linux-x86_64-fedora-clang | 1.1.3 | 122.94 | NOTE | |||
r-devel-linux-x86_64-fedora-gcc | 1.1.3 | 126.92 | NOTE | |||
r-devel-windows-x86_64 | 1.1.3 | 26.00 | 95.00 | 121.00 | NOTE | |
r-patched-linux-x86_64 | 1.1.3 | 26.54 | 55.81 | 82.35 | NOTE | |
r-release-linux-x86_64 | 1.1.3 | 27.90 | 56.60 | 84.50 | NOTE | |
r-release-macos-arm64 | 1.1.3 | 39.00 | NOTE | |||
r-release-windows-x86_64 | 1.1.3 | 26.00 | 100.00 | 126.00 | NOTE | |
r-oldrel-macos-arm64 | 1.1.3 | 40.00 | NOTE | |||
r-oldrel-macos-x86_64 | 1.1.3 | 64.00 | NOTE | |||
r-oldrel-windows-x86_64 | 1.1.3 | 32.00 | 106.00 | 138.00 | NOTE |
Version: 1.1.3
Check: Rd files
Result: NOTE
checkRd: (-1) ISOpureS1.model_optimize.kappa.kappa_deriv_loglikelihood.Rd:9: Escaped LaTeX specials: \$
checkRd: (-1) ISOpureS1.model_optimize.kappa.kappa_deriv_loglikelihood.Rd:14: Escaped LaTeX specials: \$
checkRd: (-1) ISOpureS1.model_optimize.kappa.kappa_loglikelihood.Rd:11: Escaped LaTeX specials: \$
checkRd: (-1) ISOpureS2.model_optimize.kappa.kappa_deriv_loglikelihood.Rd:11: Escaped LaTeX specials: \$
checkRd: (-1) ISOpureS2.model_optimize.kappa.kappa_loglikelihood.Rd:11: Escaped LaTeX specials: \$
Flavors: r-devel-linux-x86_64-debian-clang, r-devel-linux-x86_64-debian-gcc, r-devel-linux-x86_64-fedora-clang, r-devel-linux-x86_64-fedora-gcc, r-devel-windows-x86_64, r-patched-linux-x86_64, r-release-linux-x86_64, r-release-macos-arm64, r-release-windows-x86_64, r-oldrel-macos-arm64, r-oldrel-macos-x86_64, r-oldrel-windows-x86_64