CRAN Package Check Results for Package ISOweek

Last updated on 2024-02-23 00:59:32 CET.

Flavor Version Tinstall Tcheck Ttotal Status Flags
r-devel-linux-x86_64-debian-clang 0.6-2 OK
r-devel-linux-x86_64-debian-gcc 0.6-2 2.66 23.56 26.22 OK
r-devel-linux-x86_64-fedora-clang 0.6-2 41.94 NOTE
r-devel-linux-x86_64-fedora-gcc 0.6-2 40.67 OK
r-devel-windows-x86_64 0.6-2 3.00 47.00 50.00 OK
r-patched-linux-x86_64 0.6-2 3.70 30.06 33.76 OK
r-release-linux-x86_64 0.6-2 3.39 29.83 33.22 OK
r-release-macos-arm64 0.6-2 18.00 OK
r-release-macos-x86_64 0.6-2 24.00 OK
r-release-windows-x86_64 0.6-2 5.00 47.00 52.00 OK
r-oldrel-macos-arm64 0.6-2 17.00 OK
r-oldrel-windows-x86_64 0.6-2 5.00 56.00 61.00 OK

Check Details

Version: 0.6-2
Check: Rd cross-references
Result: NOTE Undeclared package ‘surveillance’ in Rd xrefs Flavor: r-devel-linux-x86_64-fedora-clang