CRAN Package Check Results for Package ISwR

Last updated on 2024-02-21 00:54:31 CET.

Flavor Version Tinstall Tcheck Ttotal Status Flags
r-devel-linux-x86_64-debian-clang 2.0-8 NOTE
r-devel-linux-x86_64-debian-gcc 2.0-8 1.75 31.14 32.89 NOTE
r-devel-linux-x86_64-fedora-clang 2.0-8 54.97 OK
r-devel-linux-x86_64-fedora-gcc 2.0-8 52.85 OK
r-devel-windows-x86_64 2.0-8 4.00 59.00 63.00 OK
r-patched-linux-x86_64 2.0-8 3.81 40.87 44.68 OK
r-release-linux-x86_64 2.0-8 2.73 39.71 42.44 OK
r-release-macos-arm64 2.0-8 21.00 OK
r-release-macos-x86_64 2.0-8 30.00 OK
r-release-windows-x86_64 2.0-8 3.00 62.00 65.00 OK
r-oldrel-macos-arm64 2.0-8 21.00 OK
r-oldrel-windows-x86_64 2.0-8 4.00 68.00 72.00 OK

Check Details

Version: 2.0-8
Check: Rd files
Result: NOTE checkRd: (-1) secretin.Rd:17: Lost braces 17 | {\code{a}: 1st sample}; | ^ checkRd: (-1) secretin.Rd:18: Lost braces 18 | {\code{b}: 2nd sample}.} | ^ checkRd: (-1) secretin.Rd:20: Lost braces 20 | {\code{20+}: 20 minutes or longer since injection}; | ^ checkRd: (-1) secretin.Rd:21: Lost braces 21 | {\code{pre}: before injection.}} | ^ checkRd: (-1) secretin.Rd:23: Lost braces 23 | {\code{20}: 20 minutes since injection}; | ^ checkRd: (-1) secretin.Rd:24: Lost braces 24 | {\code{30+}: 30 minutes or longer since injection}; | ^ checkRd: (-1) secretin.Rd:25: Lost braces 25 | {\code{pre}: before injection. }} | ^ Flavors: r-devel-linux-x86_64-debian-clang, r-devel-linux-x86_64-debian-gcc