CRAN Package Check Results for Package IndexConstruction

Last updated on 2024-02-28 16:50:36 CET.

Flavor Version Tinstall Tcheck Ttotal Status Flags
r-devel-linux-x86_64-debian-clang 0.1-3 15.79 176.12 191.91 NOTE
r-devel-linux-x86_64-debian-gcc 0.1-3 17.79 129.08 146.87 NOTE
r-devel-linux-x86_64-fedora-clang 0.1-3 240.24 NOTE
r-devel-linux-x86_64-fedora-gcc 0.1-3 247.21 NOTE
r-devel-windows-x86_64 0.1-3 18.00 124.00 142.00 OK
r-patched-linux-x86_64 0.1-3 22.37 168.88 191.25 OK
r-release-linux-x86_64 0.1-3 19.20 168.00 187.20 OK
r-release-macos-arm64 0.1-3 63.00 OK
r-release-macos-x86_64 0.1-3 107.00 OK
r-release-windows-x86_64 0.1-3 24.00 165.00 189.00 OK
r-oldrel-macos-arm64 0.1-3 46.00 OK
r-oldrel-windows-x86_64 0.1-3 24.00 157.00 181.00 OK

Check Details

Version: 0.1-3
Check: Rd files
Result: NOTE checkRd: (-1) IndexComp.Rd:69: Lost braces in \itemize; \value handles \item{}{} directly checkRd: (-1) IndexComp.Rd:70: Lost braces in \itemize; \value handles \item{}{} directly checkRd: (-1) IndexComp.Rd:71: Lost braces in \itemize; \value handles \item{}{} directly checkRd: (-1) IndexComp.Rd:72: Lost braces in \itemize; \value handles \item{}{} directly checkRd: (-1) IndexComp.Rd:73: Lost braces in \itemize; \value handles \item{}{} directly checkRd: (-1) IndexComp.Rd:74: Lost braces in \itemize; \value handles \item{}{} directly checkRd: (-1) IndexComp.Rd:78: Lost braces in \itemize; \value handles \item{}{} directly checkRd: (-1) IndexComp.Rd:79: Lost braces in \itemize; \value handles \item{}{} directly checkRd: (-1) IndexComp.Rd:80: Lost braces in \itemize; \value handles \item{}{} directly checkRd: (-1) IndexComp.Rd:81: Lost braces in \itemize; \value handles \item{}{} directly Flavors: r-devel-linux-x86_64-debian-clang, r-devel-linux-x86_64-debian-gcc, r-devel-linux-x86_64-fedora-clang, r-devel-linux-x86_64-fedora-gcc