CRAN Package Check Results for Package Inflation

Last updated on 2024-02-21 00:54:31 CET.

Flavor Version Tinstall Tcheck Ttotal Status Flags
r-devel-linux-x86_64-debian-clang 0.1.0 NOTE
r-devel-linux-x86_64-debian-gcc 0.1.0 1.96 22.13 24.09 OK
r-devel-linux-x86_64-fedora-clang 0.1.0 37.89 NOTE
r-devel-linux-x86_64-fedora-gcc 0.1.0 37.12 NOTE
r-devel-windows-x86_64 0.1.0 4.00 48.00 52.00 OK
r-patched-linux-x86_64 0.1.0 2.68 28.58 31.26 OK
r-release-linux-x86_64 0.1.0 2.57 28.14 30.71 OK
r-release-macos-arm64 0.1.0 17.00 OK
r-release-macos-x86_64 0.1.0 27.00 OK
r-release-windows-x86_64 0.1.0 3.00 49.00 52.00 OK
r-oldrel-macos-arm64 0.1.0 20.00 OK
r-oldrel-windows-x86_64 0.1.0 4.00 51.00 55.00 OK

Check Details

Version: 0.1.0
Check: dependencies in R code
Result: NOTE Fortran STOP IEEE arithmetic exceptions signaled: INEXACT Flavor: r-devel-linux-x86_64-debian-clang

Version: 0.1.0
Check: data for non-ASCII characters
Result: NOTE Note: found 151 marked UTF-8 strings Flavors: r-devel-linux-x86_64-fedora-clang, r-devel-linux-x86_64-fedora-gcc