CRAN Package Check Results for Package InflectSSP

Last updated on 2024-02-23 16:53:20 CET.

Flavor Version Tinstall Tcheck Ttotal Status Flags
r-devel-linux-x86_64-debian-clang 1.6 OK
r-devel-linux-x86_64-debian-gcc 1.6 11.93 88.17 100.10 OK
r-devel-linux-x86_64-fedora-clang 1.6 171.32 NOTE
r-devel-linux-x86_64-fedora-gcc 1.6 181.04 NOTE
r-devel-windows-x86_64 1.6 12.00 95.00 107.00 OK
r-patched-linux-x86_64 1.6 13.75 117.67 131.42 OK
r-release-linux-x86_64 1.6 12.84 116.35 129.19 OK
r-release-macos-arm64 1.6 57.00 OK
r-release-macos-x86_64 1.6 105.00 OK
r-release-windows-x86_64 1.6 15.00 107.00 122.00 OK
r-oldrel-macos-arm64 1.6 48.00 OK
r-oldrel-windows-x86_64 1.6 15.00 112.00 127.00 OK

Check Details

Version: 1.6
Check: dependencies in R code
Result: NOTE Namespace in Imports field not imported from: ‘svglite’ All declared Imports should be used. Flavors: r-devel-linux-x86_64-fedora-clang, r-devel-linux-x86_64-fedora-gcc