Last updated on 2024-05-21 00:57:13 CEST.
Flavor | Version | Tinstall | Tcheck | Ttotal | Status | Flags |
---|---|---|---|---|---|---|
r-devel-linux-x86_64-debian-clang | 1.1.3 | 3.56 | 225.76 | 229.32 | OK | |
r-devel-linux-x86_64-debian-gcc | 1.1.3 | 3.51 | 169.26 | 172.77 | OK | |
r-devel-linux-x86_64-fedora-clang | 1.1.3 | 258.63 | NOTE | |||
r-devel-linux-x86_64-fedora-gcc | 1.1.3 | 252.05 | NOTE | |||
r-devel-windows-x86_64 | 1.1.3 | 5.00 | 268.00 | 273.00 | OK | |
r-patched-linux-x86_64 | 1.1.3 | 2.77 | 216.04 | 218.81 | OK | |
r-release-linux-x86_64 | 1.1.3 | 3.89 | 218.09 | 221.98 | OK | |
r-release-macos-arm64 | 1.1.3 | 73.00 | OK | |||
r-release-windows-x86_64 | 1.1.3 | 5.00 | 258.00 | 263.00 | OK | |
r-oldrel-macos-arm64 | 1.1.3 | 82.00 | OK | |||
r-oldrel-macos-x86_64 | 1.1.3 | 124.00 | OK | |||
r-oldrel-windows-x86_64 | 1.1.3 | 6.00 | 316.00 | 322.00 | OK |
Version: 1.1.3
Check: dependencies in R code
Result: NOTE
Namespaces in Imports field not imported from:
‘curl’ ‘readxl’
All declared Imports should be used.
Flavors: r-devel-linux-x86_64-fedora-clang, r-devel-linux-x86_64-fedora-gcc