CRAN Package Check Results for Package IsoCor

Last updated on 2024-02-23 16:53:20 CET.

Flavor Version Tinstall Tcheck Ttotal Status Flags
r-devel-linux-x86_64-debian-clang 0.1.40 OK
r-devel-linux-x86_64-debian-gcc 0.1.40 6.36 46.86 53.22 OK
r-devel-linux-x86_64-fedora-clang 0.1.40 89.48 NOTE
r-devel-linux-x86_64-fedora-gcc 0.1.40 85.48 NOTE
r-devel-windows-x86_64 0.1.40 8.00 66.00 74.00 OK
r-patched-linux-x86_64 0.1.40 6.07 59.98 66.05 OK
r-release-linux-x86_64 0.1.40 5.15 59.51 64.66 OK
r-release-macos-arm64 0.1.40 30.00 OK
r-release-macos-x86_64 0.1.40 44.00 OK
r-release-windows-x86_64 0.1.40 10.00 73.00 83.00 OK
r-oldrel-macos-arm64 0.1.40 29.00 NOTE
r-oldrel-windows-x86_64 0.1.40 11.00 80.00 91.00 OK

Check Details

Version: 0.1.40
Check: dependencies in R code
Result: NOTE Namespace in Imports field not imported from: ‘rmarkdown’ All declared Imports should be used. Flavors: r-devel-linux-x86_64-fedora-clang, r-devel-linux-x86_64-fedora-gcc, r-oldrel-macos-arm64