CRAN Package Check Results for Package JMH

Last updated on 2024-02-22 16:49:19 CET.

Flavor Version Tinstall Tcheck Ttotal Status Flags
r-devel-linux-x86_64-debian-clang 1.0.2 OK
r-devel-linux-x86_64-debian-gcc 1.0.3 459.56 144.19 603.75 OK
r-devel-linux-x86_64-fedora-clang 1.0.3 988.26 OK
r-devel-linux-x86_64-fedora-gcc 1.0.3 1114.23 OK
r-devel-windows-x86_64 1.0.2 262.00 162.00 424.00 OK
r-patched-linux-x86_64 1.0.3 515.03 187.84 702.87 OK
r-release-linux-x86_64 1.0.2 284.12 169.15 453.27 OK
r-release-macos-arm64 1.0.3 205.00 NOTE
r-release-macos-x86_64 1.0.3 217.00 NOTE
r-release-windows-x86_64 1.0.3 300.00 211.00 511.00 OK
r-oldrel-macos-arm64 1.0.3 185.00 NOTE
r-oldrel-windows-x86_64 1.0.3 279.00 210.00 489.00 OK

Check Details

Version: 1.0.3
Check: installed package size
Result: NOTE installed size is 32.8Mb sub-directories of 1Mb or more: libs 32.3Mb Flavors: r-release-macos-arm64, r-release-macos-x86_64, r-oldrel-macos-arm64