CRAN Package Check Results for Package JMbayes

Last updated on 2024-03-03 01:00:47 CET.

Flavor Version Tinstall Tcheck Ttotal Status Flags
r-devel-linux-x86_64-debian-clang 0.8-85 172.94 257.53 430.47 NOTE
r-devel-linux-x86_64-debian-gcc 0.8-85 138.57 190.17 328.74 NOTE
r-devel-linux-x86_64-fedora-clang 0.8-85 564.87 NOTE
r-devel-linux-x86_64-fedora-gcc 0.8-85 587.50 NOTE
r-devel-windows-x86_64 0.8-85 120.00 191.00 311.00 NOTE
r-patched-linux-x86_64 0.8-85 116.58 257.27 373.85 NOTE
r-release-linux-x86_64 0.8-85 127.09 254.16 381.25 NOTE
r-release-macos-arm64 0.8-85 122.00 NOTE
r-release-macos-x86_64 0.8-85 207.00 NOTE
r-release-windows-x86_64 0.8-85 159.00 249.00 408.00 NOTE
r-oldrel-macos-arm64 0.8-85 137.00 NOTE
r-oldrel-windows-x86_64 0.8-85 153.00 241.00 394.00 OK

Check Details

Version: 0.8-85
Check: C++ specification
Result: NOTE Specified C++11: please drop specification unless essential Flavors: r-devel-linux-x86_64-debian-clang, r-devel-linux-x86_64-debian-gcc, r-devel-linux-x86_64-fedora-clang, r-devel-linux-x86_64-fedora-gcc, r-devel-windows-x86_64, r-patched-linux-x86_64, r-release-linux-x86_64, r-release-macos-arm64, r-release-macos-x86_64, r-release-windows-x86_64

Version: 0.8-85
Check: installed package size
Result: NOTE installed size is 8.9Mb sub-directories of 1Mb or more: libs 7.8Mb Flavors: r-release-macos-arm64, r-release-macos-x86_64, r-oldrel-macos-arm64