CRAN Package Check Results for Package JUMP

Last updated on 2024-02-25 08:53:04 CET.

Flavor Version Tinstall Tcheck Ttotal Status Flags
r-devel-linux-x86_64-debian-clang 1.0.1 33.71 29.07 62.78 OK
r-devel-linux-x86_64-debian-gcc 1.0.1 24.81 23.10 47.91 OK
r-devel-linux-x86_64-fedora-clang 1.0.1 86.45 OK
r-devel-linux-x86_64-fedora-gcc 1.0.1 81.65 OK
r-devel-windows-x86_64 1.0.1 25.00 62.00 87.00 OK
r-patched-linux-x86_64 1.0.1 30.76 28.55 59.31 NOTE
r-release-linux-x86_64 1.0.1 29.62 28.54 58.16 NOTE
r-release-macos-arm64 1.0.1 28.00 OK
r-release-macos-x86_64 1.0.1 51.00 OK
r-release-windows-x86_64 1.0.1 31.00 66.00 97.00 OK
r-oldrel-macos-arm64 1.0.1 32.00 OK
r-oldrel-windows-x86_64 1.0.1 30.00 68.00 98.00 OK

Check Details

Version: 1.0.1
Check: DESCRIPTION meta-information
Result: NOTE Dependence on R version ‘4.1.2’ not with patchlevel 0 Flavors: r-patched-linux-x86_64, r-release-linux-x86_64