CRAN Package Check Results for Package JustifyAlpha

Last updated on 2024-02-25 01:01:08 CET.

Flavor Version Tinstall Tcheck Ttotal Status Flags
r-devel-linux-x86_64-debian-clang 0.1.1 3.06 140.82 143.88 OK
r-devel-linux-x86_64-debian-gcc 0.1.1 2.77 102.60 105.37 OK
r-devel-linux-x86_64-fedora-clang 0.1.1 174.82 NOTE
r-devel-linux-x86_64-fedora-gcc 0.1.1 183.90 NOTE
r-devel-windows-x86_64 0.1.1 5.00 133.00 138.00 OK
r-patched-linux-x86_64 0.1.1 2.91 131.94 134.85 OK
r-release-linux-x86_64 0.1.1 3.15 133.58 136.73 OK
r-release-macos-arm64 0.1.1 61.00 OK
r-release-macos-x86_64 0.1.1 81.00 OK
r-release-windows-x86_64 0.1.1 5.00 162.00 167.00 OK
r-oldrel-macos-arm64 0.1.1 50.00 NOTE
r-oldrel-windows-x86_64 0.1.1 6.00 174.00 180.00 OK

Check Details

Version: 0.1.1
Check: dependencies in R code
Result: NOTE Namespaces in Imports field not imported from: ‘Superpower’ ‘pwr’ ‘shinydashboard’ All declared Imports should be used. Flavors: r-devel-linux-x86_64-fedora-clang, r-devel-linux-x86_64-fedora-gcc, r-oldrel-macos-arm64