CRAN Package Check Results for Package KCSKNNShiny

Last updated on 2024-02-21 00:54:31 CET.

Flavor Version Tinstall Tcheck Ttotal Status Flags
r-devel-linux-x86_64-debian-clang 0.1.0 NOTE
r-devel-linux-x86_64-debian-gcc 0.1.0 13.38 95.94 109.32 NOTE
r-devel-linux-x86_64-fedora-clang 0.1.0 181.49 NOTE
r-devel-linux-x86_64-fedora-gcc 0.1.0 172.43 NOTE
r-devel-windows-x86_64 0.1.0 15.00 106.00 121.00 NOTE
r-patched-linux-x86_64 0.1.0 10.51 128.68 139.19 NOTE
r-release-linux-x86_64 0.1.0 10.46 124.34 134.80 NOTE
r-release-macos-arm64 0.1.0 59.00 NOTE
r-release-macos-x86_64 0.1.0 88.00 NOTE
r-release-windows-x86_64 0.1.0 19.00 128.00 147.00 NOTE
r-oldrel-macos-arm64 0.1.0 49.00 NOTE
r-oldrel-windows-x86_64 0.1.0 19.00 130.00 149.00 NOTE

Check Details

Version: 0.1.0
Check: LazyData
Result: NOTE 'LazyData' is specified without a 'data' directory Flavors: r-devel-linux-x86_64-debian-clang, r-devel-linux-x86_64-debian-gcc, r-devel-linux-x86_64-fedora-clang, r-devel-linux-x86_64-fedora-gcc, r-devel-windows-x86_64, r-patched-linux-x86_64, r-release-linux-x86_64, r-release-macos-arm64, r-release-macos-x86_64, r-release-windows-x86_64, r-oldrel-macos-arm64, r-oldrel-windows-x86_64