CRAN Package Check Results for Package KnowBR

Last updated on 2024-03-02 16:54:48 CET.

Flavor Version Tinstall Tcheck Ttotal Status Flags
r-devel-linux-x86_64-debian-clang 2.2 13.78 121.83 135.61 NOTE
r-devel-linux-x86_64-debian-gcc 2.2 12.91 92.76 105.67 NOTE
r-devel-linux-x86_64-fedora-clang 2.2 176.31 NOTE
r-devel-linux-x86_64-fedora-gcc 2.2 176.30 NOTE
r-devel-windows-x86_64 2.2 14.00 104.00 118.00 OK
r-patched-linux-x86_64 2.2 17.56 121.35 138.91 OK
r-release-linux-x86_64 2.2 15.49 119.14 134.63 OK
r-release-macos-arm64 2.2 111.00 OK
r-release-macos-x86_64 2.2 103.00 OK
r-release-windows-x86_64 2.2 19.00 126.00 145.00 OK
r-oldrel-macos-arm64 2.2 145.00 OK
r-oldrel-windows-x86_64 2.2 20.00 134.00 154.00 OK

Check Details

Version: 2.2
Check: Rd files
Result: NOTE checkRd: (-1) MapPolygon.Rd:20: Lost braces 20 | \item{shape}{If the estimators in the function link[KnowBR]{KnowBPolygon} were calculated using an external shape file, it is necessary to indicate the file in this argument. It is not necessary to select any polygon within the file, just to load the whole shape file.} | ^ checkRd: (-1) SurveyQ.Rd:26: Lost braces 26 | \item{shape}{If the estimators in the function link[KnowBR]{KnowBPolygon} were calculated using an external shape file, it is necessary to indicate the file in this argument. It is not necessary to select any polygon within the file, just to load the whole shape file.} | ^ Flavors: r-devel-linux-x86_64-debian-clang, r-devel-linux-x86_64-debian-gcc, r-devel-linux-x86_64-fedora-clang, r-devel-linux-x86_64-fedora-gcc

Version: 2.2
Check: data for non-ASCII characters
Result: NOTE Note: found 9 marked Latin-1 strings Flavors: r-devel-linux-x86_64-fedora-clang, r-devel-linux-x86_64-fedora-gcc