Last updated on 2024-04-28 08:54:52 CEST.
Flavor | Version | Tinstall | Tcheck | Ttotal | Status | Flags |
---|---|---|---|---|---|---|
r-devel-linux-x86_64-debian-clang | 2.2 | 32.95 | 29.64 | 62.59 | WARN | |
r-devel-linux-x86_64-debian-gcc | 2.2 | 32.23 | 22.68 | 54.91 | NOTE | |
r-devel-linux-x86_64-fedora-clang | 2.2 | 98.06 | NOTE | |||
r-devel-linux-x86_64-fedora-gcc | 2.2 | 96.54 | NOTE | |||
r-devel-windows-x86_64 | 2.2 | 31.00 | 65.00 | 96.00 | NOTE | |
r-patched-linux-x86_64 | 2.2 | 36.38 | 28.85 | 65.23 | NOTE | |
r-release-linux-x86_64 | 2.2 | 37.34 | 27.91 | 65.25 | NOTE | |
r-release-macos-arm64 | 2.2 | 27.00 | NOTE | |||
r-release-windows-x86_64 | 2.2 | 33.00 | 64.00 | 97.00 | NOTE | |
r-oldrel-macos-arm64 | 2.2 | 31.00 | NOTE | |||
r-oldrel-macos-x86_64 | 2.2 | 48.00 | NOTE | |||
r-oldrel-windows-x86_64 | 2.2 | 38.00 | 70.00 | 108.00 | NOTE |
Version: 2.2
Check: whether package can be installed
Result: WARN
Found the following significant warnings:
LA.cpp:143:10: warning: using integer absolute value function 'abs' when argument is of floating point type [-Wabsolute-value]
LA.cpp:143:54: warning: using integer absolute value function 'abs' when argument is of floating point type [-Wabsolute-value]
LA.cpp:164:25: warning: using integer absolute value function 'abs' when argument is of floating point type [-Wabsolute-value]
See ‘/home/hornik/tmp/R.check/r-devel-clang/Work/PKGS/LA.Rcheck/00install.out’ for details.
* used C++ compiler: ‘Debian clang version 18.1.0 (rc4-1)’
Flavor: r-devel-linux-x86_64-debian-clang
Version: 2.2
Check: C++ specification
Result: NOTE
Specified C++11: please drop specification unless essential
Flavors: r-devel-linux-x86_64-debian-clang, r-devel-linux-x86_64-debian-gcc, r-devel-linux-x86_64-fedora-clang, r-devel-linux-x86_64-fedora-gcc, r-devel-windows-x86_64, r-patched-linux-x86_64, r-release-linux-x86_64, r-release-macos-arm64, r-release-windows-x86_64, r-oldrel-macos-arm64, r-oldrel-macos-x86_64, r-oldrel-windows-x86_64
Version: 2.2
Check: Rd files
Result: NOTE
checkRd: (-1) LA_LHDC.Rd:62: Lost braces; missing escapes or markup?
62 | \item{i}{A positive integer, which stands for the i^{th} row of \code{X}.}
| ^
checkRd: (-1) LA_LHDC.Rd:64: Lost braces; missing escapes or markup?
64 | \item{j}{A positive integer, which stands for the j^{th} column (or row) of \code{X}, and it should be within [1,ncol(X)] (or [1,nrow(X)]).}
| ^
Flavors: r-devel-linux-x86_64-debian-clang, r-devel-linux-x86_64-debian-gcc, r-devel-linux-x86_64-fedora-clang, r-devel-linux-x86_64-fedora-gcc, r-devel-windows-x86_64, r-patched-linux-x86_64, r-release-macos-arm64, r-release-windows-x86_64