CRAN Package Check Results for Package LCMSQA

Last updated on 2024-03-03 01:00:47 CET.

Flavor Version Tinstall Tcheck Ttotal Status Flags
r-devel-linux-x86_64-debian-clang 1.0.2 6.80 296.00 302.80 OK
r-devel-linux-x86_64-debian-gcc 1.0.2 8.65 223.79 232.44 OK
r-devel-linux-x86_64-fedora-clang 1.0.2 118.83 NOTE
r-devel-linux-x86_64-fedora-gcc 1.0.2 124.76 NOTE
r-devel-windows-x86_64 1.0.2 39.00 221.00 260.00 OK
r-patched-linux-x86_64 1.0.2 10.60 288.26 298.86 OK
r-release-linux-x86_64 1.0.2 6.66 286.01 292.67 OK
r-release-macos-arm64 1.0.2 48.00 NOTE
r-release-macos-x86_64 1.0.2 82.00 NOTE
r-release-windows-x86_64 1.0.2 51.00 304.00 355.00 OK
r-oldrel-macos-arm64 1.0.2 123.00 OK
r-oldrel-windows-x86_64 1.0.2 43.00 290.00 333.00 OK

Check Details

Version: 1.0.2
Check: package dependencies
Result: NOTE Packages suggested but not available for checking: 'xcms', 'MSnbase' Flavors: r-devel-linux-x86_64-fedora-clang, r-devel-linux-x86_64-fedora-gcc, r-release-macos-arm64, r-release-macos-x86_64