Last updated on 2023-12-03 00:56:47 CET.
Flavor | Version | Tinstall | Tcheck | Ttotal | Status | Flags |
---|---|---|---|---|---|---|
r-devel-linux-x86_64-debian-clang | 1.1.0 | 14.92 | 146.98 | 161.90 | NOTE | |
r-devel-linux-x86_64-debian-gcc | 1.1.0 | 12.61 | 111.05 | 123.66 | NOTE | |
r-devel-linux-x86_64-fedora-clang | 1.1.0 | 203.29 | NOTE | |||
r-devel-linux-x86_64-fedora-gcc | 1.1.0 | 207.93 | NOTE | |||
r-devel-windows-x86_64 | 1.1.0 | 14.00 | 113.00 | 127.00 | NOTE | |
r-patched-linux-x86_64 | 1.1.0 | 13.04 | 144.02 | 157.06 | NOTE | |
r-release-linux-x86_64 | 1.1.0 | 13.03 | 144.67 | 157.70 | NOTE | |
r-release-macos-arm64 | 1.1.0 | 62.00 | NOTE | |||
r-release-macos-x86_64 | 1.1.0 | 102.00 | NOTE | |||
r-release-windows-x86_64 | 1.1.0 | 17.00 | 140.00 | 157.00 | NOTE | |
r-oldrel-macos-arm64 | 1.1.0 | 53.00 | NOTE | |||
r-oldrel-macos-x86_64 | 1.1.0 | 113.00 | NOTE | |||
r-oldrel-windows-x86_64 | 1.1.0 | 18.00 | 140.00 | 158.00 | NOTE |
Version: 1.1.0
Check: LazyData
Result: NOTE
'LazyData' is specified without a 'data' directory
Flavors: r-devel-linux-x86_64-debian-clang, r-devel-linux-x86_64-debian-gcc, r-devel-linux-x86_64-fedora-clang, r-devel-linux-x86_64-fedora-gcc, r-devel-windows-x86_64, r-patched-linux-x86_64, r-release-linux-x86_64, r-release-macos-arm64, r-release-macos-x86_64, r-release-windows-x86_64, r-oldrel-macos-arm64, r-oldrel-macos-x86_64, r-oldrel-windows-x86_64