Last updated on 2024-08-31 17:48:59 CEST.
Flavor | Version | Tinstall | Tcheck | Ttotal | Status | Flags |
---|---|---|---|---|---|---|
r-devel-linux-x86_64-debian-clang | 1.0.8 | 30.54 | 92.40 | 122.94 | OK | |
r-devel-linux-x86_64-debian-gcc | 1.0.8 | 22.93 | 65.45 | 88.38 | OK | |
r-devel-linux-x86_64-fedora-clang | 1.0.8 | 164.00 | NOTE | |||
r-devel-linux-x86_64-fedora-gcc | 1.0.8 | 132.69 | NOTE | |||
r-devel-windows-x86_64 | 1.0.8 | 36.00 | 122.00 | 158.00 | OK | |
r-patched-linux-x86_64 | 1.0.8 | 31.73 | 82.70 | 114.43 | OK | |
r-release-linux-x86_64 | 1.0.8 | 33.33 | 84.12 | 117.45 | OK | |
r-release-macos-arm64 | 1.0.8 | 72.00 | OK | |||
r-release-macos-x86_64 | 1.0.8 | 135.00 | OK | |||
r-release-windows-x86_64 | 1.0.8 | 42.00 | 153.00 | 195.00 | OK | |
r-oldrel-macos-arm64 | 1.0.8 | 124.00 | OK | |||
r-oldrel-macos-x86_64 | 1.0.8 | 175.00 | OK | |||
r-oldrel-windows-x86_64 | 1.0.8 | 43.00 | 148.00 | 191.00 | OK |
Version: 1.0.8
Check: dependencies in R code
Result: NOTE
Namespaces in Imports field not imported from:
‘agridat’ ‘ggplot2’ ‘maps’ ‘sf’
All declared Imports should be used.
Flavors: r-devel-linux-x86_64-fedora-clang, r-devel-linux-x86_64-fedora-gcc