CRAN Package Check Results for Package LMoFit

Last updated on 2024-03-03 01:00:47 CET.

Flavor Version Tinstall Tcheck Ttotal Status Flags
r-devel-linux-x86_64-debian-clang 0.1.6 9.06 91.50 100.56 ERROR
r-devel-linux-x86_64-debian-gcc 0.1.6 8.14 68.15 76.29 ERROR
r-devel-linux-x86_64-fedora-clang 0.1.6 133.30 ERROR
r-devel-linux-x86_64-fedora-gcc 0.1.6 140.69 ERROR
r-devel-windows-x86_64 0.1.6 12.00 98.00 110.00 OK
r-patched-linux-x86_64 0.1.6 12.29 86.91 99.20 ERROR
r-release-linux-x86_64 0.1.6 10.93 87.15 98.08 ERROR
r-release-macos-arm64 0.1.6 51.00 OK
r-release-macos-x86_64 0.1.6 75.00 OK
r-release-windows-x86_64 0.1.6 14.00 113.00 127.00 ERROR
r-oldrel-macos-arm64 0.1.6 41.00 OK
r-oldrel-windows-x86_64 0.1.6 15.00 109.00 124.00 ERROR

Check Details

Version: 0.1.6
Check: re-building of vignette outputs
Result: ERROR Error(s) in re-building vignettes: ... --- re-building ‘LMoFit.Rmd’ using rmarkdown Quitting from lines 236-237 [unnamed-chunk-15] (LMoFit.Rmd) Error: processing vignette 'LMoFit.Rmd' failed with diagnostics: Problem while computing aesthetics. ℹ Error occurred in the 1st layer. Caused by error in `scales_add_defaults()`: ! could not find function "scales_add_defaults" --- failed re-building ‘LMoFit.Rmd’ SUMMARY: processing the following file failed: ‘LMoFit.Rmd’ Error: Vignette re-building failed. Execution halted Flavors: r-devel-linux-x86_64-debian-clang, r-devel-linux-x86_64-debian-gcc, r-patched-linux-x86_64, r-release-linux-x86_64

Version: 0.1.6
Check: re-building of vignette outputs
Result: ERROR Error(s) in re-building vignettes: --- re-building ‘LMoFit.Rmd’ using rmarkdown Quitting from lines 236-237 [unnamed-chunk-15] (LMoFit.Rmd) Error: processing vignette 'LMoFit.Rmd' failed with diagnostics: Problem while computing aesthetics. ℹ Error occurred in the 1st layer. Caused by error in `scales_add_defaults()`: ! could not find function "scales_add_defaults" --- failed re-building ‘LMoFit.Rmd’ SUMMARY: processing the following file failed: ‘LMoFit.Rmd’ Error: Vignette re-building failed. Execution halted Flavors: r-devel-linux-x86_64-fedora-clang, r-devel-linux-x86_64-fedora-gcc, r-release-windows-x86_64, r-oldrel-windows-x86_64