Last updated on 2024-05-06 00:52:48 CEST.
Flavor | Version | Tinstall | Tcheck | Ttotal | Status | Flags |
---|---|---|---|---|---|---|
r-devel-linux-x86_64-debian-clang | 2.1 | 7.28 | 78.98 | 86.26 | NOTE | |
r-devel-linux-x86_64-debian-gcc | 2.1 | 4.85 | 57.17 | 62.02 | NOTE | |
r-devel-linux-x86_64-fedora-clang | 2.1 | 105.26 | NOTE | |||
r-devel-linux-x86_64-fedora-gcc | 2.1 | 99.33 | NOTE | |||
r-devel-windows-x86_64 | 2.1 | 7.00 | 76.00 | 83.00 | NOTE | |
r-patched-linux-x86_64 | 2.1 | 6.60 | 77.61 | 84.21 | NOTE | |
r-release-linux-x86_64 | 2.1 | 6.27 | 77.31 | 83.58 | NOTE | |
r-release-macos-arm64 | 2.1 | 32.00 | NOTE | |||
r-release-windows-x86_64 | 2.1 | 7.00 | 76.00 | 83.00 | NOTE | |
r-oldrel-macos-arm64 | 2.1 | 34.00 | NOTE | |||
r-oldrel-macos-x86_64 | 2.1 | 52.00 | NOTE | |||
r-oldrel-windows-x86_64 | 2.1 | 8.00 | 84.00 | 92.00 | NOTE |
Version: 2.1
Check: Rd files
Result: NOTE
checkRd: (-1) LS.kalman.Rd:65: Escaped LaTeX specials: \&
checkRd: (-1) spectral.density.Rd:55: Escaped LaTeX specials: \&
Flavors: r-devel-linux-x86_64-debian-clang, r-devel-linux-x86_64-debian-gcc, r-devel-linux-x86_64-fedora-clang, r-devel-linux-x86_64-fedora-gcc, r-devel-windows-x86_64, r-patched-linux-x86_64, r-release-linux-x86_64, r-release-macos-arm64, r-release-windows-x86_64, r-oldrel-macos-arm64, r-oldrel-macos-x86_64, r-oldrel-windows-x86_64
Version: 2.1
Check: dependencies in R code
Result: NOTE
Namespace in Imports field not imported from: ‘Rdpack’
All declared Imports should be used.
Flavors: r-devel-linux-x86_64-fedora-clang, r-devel-linux-x86_64-fedora-gcc