CRAN Package Check Results for Package LearningStats

Last updated on 2024-03-02 00:53:29 CET.

Flavor Version Tinstall Tcheck Ttotal Status Flags
r-devel-linux-x86_64-debian-clang 0.1.0 13.13 65.14 78.27 NOTE
r-devel-linux-x86_64-debian-gcc 0.1.0 10.79 47.71 58.50 NOTE
r-devel-linux-x86_64-fedora-clang 0.1.0 99.45 NOTE
r-devel-linux-x86_64-fedora-gcc 0.1.0 96.92 NOTE
r-devel-windows-x86_64 0.1.0 12.00 68.00 80.00 OK
r-patched-linux-x86_64 0.1.0 8.51 63.01 71.52 OK
r-release-linux-x86_64 0.1.0 9.16 62.19 71.35 OK
r-release-macos-arm64 0.1.0 30.00 OK
r-release-macos-x86_64 0.1.0 50.00 OK
r-release-windows-x86_64 0.1.0 18.00 78.00 96.00 OK
r-oldrel-macos-arm64 0.1.0 29.00 OK
r-oldrel-windows-x86_64 0.1.0 14.00 73.00 87.00 OK

Check Details

Version: 0.1.0
Check: Rd files
Result: NOTE checkRd: (-1) S2mu.Rd:18: Lost braces; missing escapes or markup? 18 | \code{S2mu} computes a estimation of the variance, given a sample {x} with known population mean (denoted by \code{mu}). | ^ checkRd: (-1) sample.quantile.Rd:20: Lost braces; missing escapes or markup? 20 | \code{sample.quantile} computes a estimation of different quantiles, given a sample {x}, using order statistics. | ^ Flavors: r-devel-linux-x86_64-debian-clang, r-devel-linux-x86_64-debian-gcc, r-devel-linux-x86_64-fedora-clang, r-devel-linux-x86_64-fedora-gcc