CRAN Package Check Results for Package LipidMS

Last updated on 2024-03-01 00:55:23 CET.

Flavor Version Tinstall Tcheck Ttotal Status Flags
r-devel-linux-x86_64-debian-clang 3.0.4 26.05 154.12 180.17 OK
r-devel-linux-x86_64-debian-gcc 3.0.4 23.31 112.96 136.27 OK
r-devel-linux-x86_64-fedora-clang 3.0.4 242.25 OK
r-devel-linux-x86_64-fedora-gcc 3.0.4 228.09 OK
r-devel-windows-x86_64 3.0.3 27.00 151.00 178.00 NOTE
r-patched-linux-x86_64 3.0.4 32.76 149.66 182.42 OK
r-release-linux-x86_64 3.0.4 24.25 146.99 171.24 OK
r-release-macos-arm64 3.0.4 67.00 OK
r-release-macos-x86_64 3.0.4 129.00 OK
r-release-windows-x86_64 3.0.4 39.00 185.00 224.00 OK
r-oldrel-macos-arm64 3.0.4 65.00 OK
r-oldrel-windows-x86_64 3.0.4 36.00 155.00 191.00 OK

Additional issues

noRemap

Check Details

Version: 3.0.3
Check: Rd \usage sections
Result: NOTE Documented arguments not in \usage in Rd file 'MassAcylCer.Rd': 'glccer' Documented arguments not in \usage in Rd file 'MassPEo.Rd': 'PEp' Documented arguments not in \usage in Rd file 'findMS2precursor.Rd': 'minint' 'maxint' Documented arguments not in \usage in Rd file 'joinAnnotationResults.Rd': 'simplifyAnnotation' Functions with \usage entries need to have the appropriate \alias entries, and all their arguments documented. The \usage entries must correspond to syntactically valid R code. See chapter 'Writing R documentation files' in the 'Writing R Extensions' manual. Flavor: r-devel-windows-x86_64