Last updated on 2023-09-28 16:54:22 CEST.
Flavor | Version | Tinstall | Tcheck | Ttotal | Status | Flags |
---|---|---|---|---|---|---|
r-devel-linux-x86_64-debian-clang | 1.3-1 | 38.75 | 31.11 | 69.86 | NOTE | |
r-devel-linux-x86_64-debian-gcc | 1.3-1 | 25.31 | 23.74 | 49.05 | NOTE | |
r-devel-linux-x86_64-fedora-clang | 1.3-1 | 97.97 | NOTE | |||
r-devel-linux-x86_64-fedora-gcc | 1.3-1 | 104.48 | NOTE | |||
r-devel-windows-x86_64 | 1.3-1 | 30.00 | 64.00 | 94.00 | NOTE | |
r-patched-linux-x86_64 | 1.3-1 | 34.49 | 30.23 | 64.72 | NOTE | |
r-release-linux-x86_64 | 1.3-1 | 33.23 | 30.17 | 63.40 | NOTE | |
r-release-macos-arm64 | 1.3-1 | 27.00 | NOTE | |||
r-release-macos-x86_64 | 1.3-1 | 44.00 | NOTE | |||
r-release-windows-x86_64 | 1.3-1 | 38.00 | 74.00 | 112.00 | NOTE | |
r-oldrel-macos-arm64 | 1.3-1 | 27.00 | OK | |||
r-oldrel-macos-x86_64 | 1.3-1 | 38.00 | OK | |||
r-oldrel-windows-x86_64 | 1.3-1 | 36.00 | 71.00 | 107.00 | OK |
Version: 1.3-1
Check: C++ specification
Result: NOTE
Specified C++11: please drop specification unless essential
Flavors: r-devel-linux-x86_64-debian-clang, r-devel-linux-x86_64-debian-gcc, r-devel-linux-x86_64-fedora-clang, r-devel-linux-x86_64-fedora-gcc, r-devel-windows-x86_64, r-patched-linux-x86_64, r-release-linux-x86_64, r-release-macos-arm64, r-release-macos-x86_64, r-release-windows-x86_64
Version: 1.3-1
Check: Rd files
Result: NOTE
checkRd: (-1) cauchypoly.Rd:39: Escaped LaTeX specials: \_ \_ \_
checkRd: (-1) cauchypoly.Rd:40: Escaped LaTeX specials: \_
checkRd: (-1) normpoly.Rd:38: Escaped LaTeX specials: \_ \_ \_
checkRd: (-1) normpoly.Rd:39: Escaped LaTeX specials: \_
Flavors: r-devel-linux-x86_64-debian-clang, r-devel-linux-x86_64-debian-gcc, r-devel-linux-x86_64-fedora-clang, r-devel-linux-x86_64-fedora-gcc, r-devel-windows-x86_64, r-patched-linux-x86_64, r-release-linux-x86_64, r-release-macos-arm64, r-release-macos-x86_64, r-release-windows-x86_64