Last updated on 2024-05-07 00:56:18 CEST.
Flavor | Version | Tinstall | Tcheck | Ttotal | Status | Flags |
---|---|---|---|---|---|---|
r-devel-linux-x86_64-debian-clang | 1.1.1 | 0.48 | 2.30 | 2.78 | ERROR | |
r-devel-linux-x86_64-debian-gcc | 1.1.1 | 35.15 | 318.83 | 353.98 | OK | |
r-devel-linux-x86_64-fedora-clang | 1.1.1 | 671.89 | OK | |||
r-devel-linux-x86_64-fedora-gcc | 1.1.1 | 761.71 | OK | |||
r-devel-windows-x86_64 | 1.1.1 | 45.00 | 304.00 | 349.00 | OK | |
r-patched-linux-x86_64 | 1.1.1 | 31.30 | 415.67 | 446.97 | OK | |
r-release-linux-x86_64 | 1.1.1 | 33.66 | 408.94 | 442.60 | OK | |
r-release-macos-arm64 | 1.1.1 | 159.00 | OK | |||
r-release-macos-x86_64 | 1.1.1 | 443.00 | OK | |||
r-release-windows-x86_64 | 1.1.1 | 46.00 | 305.00 | 351.00 | OK | |
r-oldrel-macos-arm64 | 1.1.1 | 160.00 | OK | |||
r-oldrel-macos-x86_64 | 1.1.1 | 313.00 | OK | |||
r-oldrel-windows-x86_64 | 1.1.1 | 48.00 | 401.00 | 449.00 | OK |
Version: 1.1.1
Check: package dependencies
Result: ERROR
Packages required but not available:
'GenomicRanges', 'GenomicAlignments', 'GenomicFeatures', 'Rsamtools'
See section ‘The DESCRIPTION file’ in the ‘Writing R Extensions’
manual.
Flavor: r-devel-linux-x86_64-debian-clang