CRAN Package Check Results for Package MAGEE

Last updated on 2024-02-22 00:58:34 CET.

Flavor Version Tinstall Tcheck Ttotal Status Flags
r-devel-linux-x86_64-debian-clang 1.3.2 OK
r-devel-linux-x86_64-debian-gcc 1.3.2 68.23 158.24 226.47 OK
r-devel-linux-x86_64-fedora-clang 1.3.2 266.92 NOTE
r-devel-linux-x86_64-fedora-gcc 1.3.2 391.97 OK
r-devel-windows-x86_64 1.3.2 78.00 195.00 273.00 NOTE
r-patched-linux-x86_64 1.3.2 82.94 200.91 283.85 OK
r-release-linux-x86_64 1.3.2 84.10 203.52 287.62 OK
r-release-macos-arm64 1.3.2 122.00 NOTE
r-release-macos-x86_64 1.3.2 277.00 NOTE
r-release-windows-x86_64 1.3.2 99.00 233.00 332.00 NOTE
r-oldrel-macos-arm64 1.3.2 74.00 NOTE
r-oldrel-windows-x86_64 1.3.2 83.00 232.00 315.00 NOTE

Check Details

Version: 1.3.2
Check: package dependencies
Result: NOTE Packages suggested but not available for checking: 'SeqArray', 'SeqVarTools' Flavor: r-devel-linux-x86_64-fedora-clang

Version: 1.3.2
Check: package dependencies
Result: NOTE Package suggested but not available for checking: 'doMC' Flavors: r-devel-windows-x86_64, r-release-windows-x86_64, r-oldrel-windows-x86_64

Version: 1.3.2
Check: installed package size
Result: NOTE installed size is 6.7Mb sub-directories of 1Mb or more: libs 5.0Mb Flavors: r-release-macos-arm64, r-release-macos-x86_64, r-oldrel-macos-arm64

Version: 1.3.2
Check: package dependencies
Result: NOTE Package suggested but not available for checking: ‘SeqVarTools’ Flavor: r-release-macos-x86_64

Version: 1.3.2
Check: package dependencies
Result: NOTE Package suggested but not available for checking: ‘SeqArray’ Flavor: r-oldrel-macos-arm64