CRAN Package Check Results for Package MB

Last updated on 2024-03-01 00:55:24 CET.

Flavor Version Tinstall Tcheck Ttotal Status Flags
r-devel-linux-x86_64-debian-clang 0.1.1 1.75 24.12 25.87 OK
r-devel-linux-x86_64-debian-gcc 0.1.1 1.89 18.74 20.63 OK
r-devel-linux-x86_64-fedora-clang 0.1.1 34.09 NOTE
r-devel-linux-x86_64-fedora-gcc 0.1.1 43.10 NOTE
r-devel-windows-x86_64 0.1.1 3.00 40.00 43.00 OK
r-patched-linux-x86_64 0.1.1 2.40 23.42 25.82 OK
r-release-linux-x86_64 0.1.1 1.89 23.34 25.23 OK
r-release-macos-arm64 0.1.1 22.00 OK
r-release-macos-x86_64 0.1.1 29.00 OK
r-release-windows-x86_64 0.1.1 3.00 42.00 45.00 OK
r-oldrel-macos-arm64 0.1.1 17.00 OK
r-oldrel-windows-x86_64 0.1.1 4.00 46.00 50.00 OK

Check Details

Version: 0.1.1
Check: dependencies in R code
Result: NOTE Namespace in Imports field not imported from: ‘tibble’ All declared Imports should be used. Flavors: r-devel-linux-x86_64-fedora-clang, r-devel-linux-x86_64-fedora-gcc